Last updated on 2025-11-04 11:52:44 CET.
| Flavor | Version | Tinstall | Tcheck | Ttotal | Status | Flags | 
|---|---|---|---|---|---|---|
| r-devel-linux-x86_64-debian-clang | 1.2.0 | 16.56 | 442.02 | 458.58 | NOTE | |
| r-devel-linux-x86_64-debian-gcc | 1.2.0 | 12.79 | 383.05 | 395.84 | NOTE | |
| r-devel-linux-x86_64-fedora-clang | 1.2.0 | 43.00 | 730.50 | 773.50 | NOTE | |
| r-devel-linux-x86_64-fedora-gcc | 1.2.0 | 46.00 | 827.55 | 873.55 | NOTE | |
| r-devel-windows-x86_64 | 1.2.0 | 25.00 | 662.00 | 687.00 | NOTE | |
| r-patched-linux-x86_64 | 1.2.0 | 17.83 | 484.66 | 502.49 | NOTE | |
| r-release-linux-x86_64 | 1.2.0 | 17.46 | 482.58 | 500.04 | NOTE | |
| r-release-macos-arm64 | 1.2.0 | 7.00 | 297.00 | 304.00 | OK | |
| r-release-macos-x86_64 | 1.2.0 | 14.00 | 613.00 | 627.00 | OK | |
| r-release-windows-x86_64 | 1.2.0 | 25.00 | 657.00 | 682.00 | NOTE | |
| r-oldrel-macos-arm64 | 1.2.0 | 7.00 | 277.00 | 284.00 | OK | |
| r-oldrel-macos-x86_64 | 1.2.0 | 10.00 | 416.00 | 426.00 | OK | |
| r-oldrel-windows-x86_64 | 1.2.0 | 29.00 | 752.00 | 781.00 | OK | 
Version: 1.2.0
Check: CRAN incoming feasibility
Result: NOTE
  Maintainer: ‘Joseph Mihaljevic <Joseph.Mihaljevic@nau.edu>’
  
  Package CITATION file contains call(s) to old-style citEntry().  Please
  use bibentry() instead.
Flavors: r-devel-linux-x86_64-debian-clang, r-devel-linux-x86_64-debian-gcc
Version: 1.2.0
Check: Rd cross-references
Result: NOTE
  Found the following Rd file(s) with Rd \link{} targets missing package
  anchors:
    model_parallel.Rd: future_lapply
  Please provide package anchors for all Rd \link{} targets not in the
  package itself and the base packages.
Flavors: r-devel-linux-x86_64-debian-clang, r-devel-linux-x86_64-debian-gcc, r-devel-windows-x86_64, r-patched-linux-x86_64, r-release-linux-x86_64, r-release-windows-x86_64
Version: 1.2.0
Check: dependencies in R code
Result: NOTE
  Namespaces in Imports field not imported from:
    ‘future’ ‘geosphere’ ‘lubridate’ ‘tidyverse’ ‘viridis’
    All declared Imports should be used.
Flavors: r-devel-linux-x86_64-fedora-clang, r-devel-linux-x86_64-fedora-gcc