Last updated on 2025-05-23 12:49:40 CEST.
Flavor | Version | Tinstall | Tcheck | Ttotal | Status | Flags |
---|---|---|---|---|---|---|
r-devel-linux-x86_64-debian-clang | 0.2.0 | 6.34 | 53.58 | 59.92 | OK | |
r-devel-linux-x86_64-debian-gcc | 0.2.0 | 4.60 | 38.67 | 43.27 | OK | |
r-devel-linux-x86_64-fedora-clang | 0.2.0 | 93.42 | OK | |||
r-devel-linux-x86_64-fedora-gcc | 0.2.0 | 85.13 | OK | |||
r-devel-windows-x86_64 | 0.2.0 | 9.00 | 71.00 | 80.00 | OK | |
r-patched-linux-x86_64 | 0.2.0 | 5.63 | 49.76 | 55.39 | OK | |
r-release-linux-x86_64 | 0.2.0 | 6.38 | 49.33 | 55.71 | OK | |
r-release-macos-arm64 | 0.2.0 | 27.00 | OK | |||
r-release-macos-x86_64 | 0.2.0 | 57.00 | OK | |||
r-release-windows-x86_64 | 0.2.0 | 9.00 | 71.00 | 80.00 | OK | |
r-oldrel-macos-arm64 | 0.2.0 | 29.00 | NOTE | |||
r-oldrel-macos-x86_64 | 0.2.0 | 45.00 | NOTE | |||
r-oldrel-windows-x86_64 | 0.2.0 | 10.00 | 84.00 | 94.00 | NOTE |
Version: 0.2.0
Check: LazyData
Result: NOTE
'LazyData' is specified without a 'data' directory
Flavors: r-oldrel-macos-arm64, r-oldrel-macos-x86_64, r-oldrel-windows-x86_64