Last updated on 2025-11-04 05:51:26 CET.
| Flavor | Version | Tinstall | Tcheck | Ttotal | Status | Flags | 
|---|---|---|---|---|---|---|
| r-devel-linux-x86_64-debian-clang | 1.0.6 | 4.42 | 305.71 | 310.13 | NOTE | |
| r-devel-linux-x86_64-debian-gcc | 1.0.6 | 2.93 | 182.92 | 185.85 | NOTE | |
| r-devel-linux-x86_64-fedora-clang | 1.0.6 | 13.00 | 480.09 | 493.09 | OK | |
| r-devel-linux-x86_64-fedora-gcc | 1.0.6 | 15.00 | 507.39 | 522.39 | OK | |
| r-devel-windows-x86_64 | 1.0.6 | 6.00 | 281.00 | 287.00 | OK | |
| r-patched-linux-x86_64 | 1.0.6 | 4.60 | 300.92 | 305.52 | OK | |
| r-release-linux-x86_64 | 1.0.6 | 4.19 | 295.77 | 299.96 | OK | |
| r-release-macos-arm64 | 1.0.6 | 2.00 | 81.00 | 83.00 | OK | |
| r-release-macos-x86_64 | 1.0.6 | 4.00 | 182.00 | 186.00 | OK | |
| r-release-windows-x86_64 | 1.0.6 | 7.00 | 278.00 | 285.00 | OK | |
| r-oldrel-macos-arm64 | 1.0.6 | 2.00 | 85.00 | 87.00 | OK | |
| r-oldrel-macos-x86_64 | 1.0.6 | 3.00 | 145.00 | 148.00 | OK | |
| r-oldrel-windows-x86_64 | 1.0.6 | 12.00 | 412.00 | 424.00 | OK | 
Version: 1.0.6
Check: CRAN incoming feasibility
Result: NOTE
  Maintainer: ‘Seungjun Ahn <seungjun.ahn@mountsinai.org>’
  
  The Description field contains
    <arXiv:2303.13702v1>.
  Please refer to arXiv e-prints via their arXiv DOI <doi:10.48550/arXiv.YYMM.NNNNN>.
Flavors: r-devel-linux-x86_64-debian-clang, r-devel-linux-x86_64-debian-gcc