Last updated on 2025-02-21 17:50:55 CET.
Flavor | Version | Tinstall | Tcheck | Ttotal | Status | Flags |
---|---|---|---|---|---|---|
r-devel-linux-x86_64-debian-clang | 1.1.1 | 36.18 | 29.36 | 65.54 | NOTE | |
r-devel-linux-x86_64-debian-gcc | 1.1.1 | 22.68 | 22.26 | 44.94 | NOTE | |
r-devel-linux-x86_64-fedora-clang | 1.1.1 | 122.35 | NOTE | |||
r-devel-linux-x86_64-fedora-gcc | 1.1.1 | 113.82 | NOTE | |||
r-devel-macos-arm64 | 1.1.1 | 38.00 | NOTE | |||
r-devel-macos-x86_64 | 1.1.1 | 64.00 | NOTE | |||
r-devel-windows-x86_64 | 1.1.1 | 31.00 | 72.00 | 103.00 | NOTE | |
r-patched-linux-x86_64 | 1.1.1 | 31.59 | 27.50 | 59.09 | NOTE | |
r-release-linux-x86_64 | 1.1.1 | 35.39 | 27.40 | 62.79 | NOTE | |
r-release-macos-arm64 | 1.1.1 | 38.00 | NOTE | |||
r-release-macos-x86_64 | 1.1.1 | 48.00 | NOTE | |||
r-release-windows-x86_64 | 1.1.1 | 34.00 | 69.00 | 103.00 | NOTE | |
r-oldrel-macos-arm64 | 1.1.1 | 37.00 | NOTE | |||
r-oldrel-macos-x86_64 | 1.1.1 | 59.00 | NOTE | |||
r-oldrel-windows-x86_64 | 1.1.1 | 41.00 | 99.00 | 140.00 | NOTE |
Version: 1.1.1
Check: C++ specification
Result: NOTE
Specified C++11: please drop specification unless essential
Flavors: r-devel-linux-x86_64-debian-clang, r-devel-linux-x86_64-debian-gcc, r-devel-linux-x86_64-fedora-clang, r-devel-linux-x86_64-fedora-gcc, r-devel-macos-arm64, r-devel-macos-x86_64, r-devel-windows-x86_64, r-patched-linux-x86_64, r-release-linux-x86_64, r-release-macos-arm64, r-release-macos-x86_64, r-release-windows-x86_64, r-oldrel-macos-arm64, r-oldrel-macos-x86_64, r-oldrel-windows-x86_64