Last updated on 2025-11-04 05:51:26 CET.
| Flavor | Version | Tinstall | Tcheck | Ttotal | Status | Flags | 
|---|---|---|---|---|---|---|
| r-devel-linux-x86_64-debian-clang | 1.0.1 | 197.10 | 119.47 | 316.57 | OK | |
| r-devel-linux-x86_64-debian-gcc | 1.1.0 | 143.54 | 86.43 | 229.97 | OK | |
| r-devel-linux-x86_64-fedora-clang | 1.1.0 | 2040.00 | -1386.33 | 653.67 | OK | |
| r-devel-linux-x86_64-fedora-gcc | 1.1.0 | 427.00 | 174.38 | 601.38 | OK | |
| r-devel-windows-x86_64 | 1.1.0 | 209.00 | 151.00 | 360.00 | OK | |
| r-patched-linux-x86_64 | 1.0.1 | 205.81 | 123.79 | 329.60 | OK | |
| r-release-linux-x86_64 | 1.1.0 | 202.15 | 119.13 | 321.28 | OK | |
| r-release-macos-arm64 | 1.1.0 | 77.00 | 59.00 | 136.00 | OK | |
| r-release-macos-x86_64 | 1.1.0 | 79.00 | 135.00 | 214.00 | OK | |
| r-release-windows-x86_64 | 1.1.0 | 205.00 | 151.00 | 356.00 | OK | |
| r-oldrel-macos-arm64 | 1.1.0 | 75.00 | 86.00 | 161.00 | NOTE | |
| r-oldrel-macos-x86_64 | 1.1.0 | 75.00 | 129.00 | 204.00 | NOTE | |
| r-oldrel-windows-x86_64 | 1.1.0 | 207.00 | 196.00 | 403.00 | OK | 
Version: 1.1.0
Check: installed package size
Result: NOTE
    installed size is 36.0Mb
    sub-directories of 1Mb or more:
      libs  35.1Mb
Flavors: r-oldrel-macos-arm64, r-oldrel-macos-x86_64