Last updated on 2025-11-04 11:52:44 CET.
| Flavor | Version | Tinstall | Tcheck | Ttotal | Status | Flags | 
|---|---|---|---|---|---|---|
| r-devel-linux-x86_64-debian-clang | 0.0.4 | 43.21 | 230.11 | 273.32 | NOTE | |
| r-devel-linux-x86_64-debian-gcc | 0.0.4 | 36.13 | 165.73 | 201.86 | NOTE | |
| r-devel-linux-x86_64-fedora-clang | 0.0.4 | 92.00 | 340.42 | 432.42 | NOTE | |
| r-devel-linux-x86_64-fedora-gcc | 0.0.4 | 103.00 | 322.41 | 425.41 | NOTE | |
| r-devel-windows-x86_64 | 0.0.4 | 47.00 | 204.00 | 251.00 | NOTE | |
| r-patched-linux-x86_64 | 0.0.4 | 44.98 | 216.22 | 261.20 | NOTE | |
| r-release-linux-x86_64 | 0.0.4 | 46.54 | 213.87 | 260.41 | NOTE | |
| r-release-macos-arm64 | 0.0.4 | 31.00 | 117.00 | 148.00 | NOTE | |
| r-release-macos-x86_64 | 0.0.4 | 45.00 | 157.00 | 202.00 | NOTE | |
| r-release-windows-x86_64 | 0.0.4 | 45.00 | 200.00 | 245.00 | NOTE | |
| r-oldrel-macos-arm64 | 0.0.4 | 31.00 | 107.00 | 138.00 | NOTE | |
| r-oldrel-macos-x86_64 | 0.0.4 | 40.00 | 145.00 | 185.00 | NOTE | |
| r-oldrel-windows-x86_64 | 0.0.4 | 64.00 | 271.00 | 335.00 | NOTE | 
Version: 0.0.4
Check: Rd files
Result: NOTE
  checkRd: (-1) outliers.hdts.Rd:44: Lost braces; missing escapes or markup?
      44 |   \item I.cov.rob - The matrix (V'GnV)^{-1} used to compute the statistics to detect the idiosyncratic outliers.
         |                                        ^
Flavors: r-devel-linux-x86_64-debian-clang, r-devel-linux-x86_64-debian-gcc, r-devel-linux-x86_64-fedora-clang, r-devel-linux-x86_64-fedora-gcc, r-devel-windows-x86_64, r-patched-linux-x86_64, r-release-linux-x86_64, r-release-macos-arm64, r-release-macos-x86_64, r-release-windows-x86_64, r-oldrel-macos-arm64, r-oldrel-macos-x86_64, r-oldrel-windows-x86_64
Version: 0.0.4
Check: installed package size
Result: NOTE
    installed size is  5.6Mb
    sub-directories of 1Mb or more:
      data   5.1Mb
Flavors: r-oldrel-macos-arm64, r-oldrel-macos-x86_64, r-oldrel-windows-x86_64