Last updated on 2025-11-04 11:52:43 CET.
| Flavor | Version | Tinstall | Tcheck | Ttotal | Status | Flags | 
|---|---|---|---|---|---|---|
| r-devel-linux-x86_64-debian-clang | 1.1.0 | 26.83 | 57.09 | 83.92 | NOTE | |
| r-devel-linux-x86_64-debian-gcc | 1.1.0 | 17.50 | 47.01 | 64.51 | NOTE | |
| r-devel-linux-x86_64-fedora-clang | 1.1.0 | 68.00 | 80.92 | 148.92 | OK | |
| r-devel-linux-x86_64-fedora-gcc | 1.1.0 | 59.00 | 94.77 | 153.77 | OK | |
| r-devel-windows-x86_64 | 1.1.0 | 32.00 | 96.00 | 128.00 | OK | |
| r-patched-linux-x86_64 | 1.1.0 | 27.68 | 59.29 | 86.97 | OK | |
| r-release-linux-x86_64 | 1.1.0 | 26.81 | 56.27 | 83.08 | OK | |
| r-release-macos-arm64 | 1.1.0 | 12.00 | 50.00 | 62.00 | OK | |
| r-release-macos-x86_64 | 1.1.0 | 12.00 | 94.00 | 106.00 | OK | |
| r-release-windows-x86_64 | 1.1.0 | 32.00 | 93.00 | 125.00 | OK | |
| r-oldrel-macos-arm64 | 1.1.0 | 15.00 | 65.00 | 80.00 | OK | |
| r-oldrel-macos-x86_64 | 1.1.0 | 13.00 | 85.00 | 98.00 | OK | |
| r-oldrel-windows-x86_64 | 1.1.0 | 36.00 | 118.00 | 154.00 | OK | 
Version: 1.1.0
Check: CRAN incoming feasibility
Result: NOTE
  Maintainer: ‘Phillip B. Nicol <philnicol740@gmail.com>’
  
  No Authors@R field in DESCRIPTION.
  Please add one, modifying
    Authors@R: person(given = c("Phillip", "B."),
                      family = "Nicol",
                      role = c("aut", "cre"),
                      email = "philnicol740@gmail.com")
  as necessary.
Flavors: r-devel-linux-x86_64-debian-clang, r-devel-linux-x86_64-debian-gcc