Last updated on 2025-11-03 23:50:33 CET.
| Flavor | Version | Tinstall | Tcheck | Ttotal | Status | Flags | 
|---|---|---|---|---|---|---|
| r-devel-linux-x86_64-debian-clang | 0.4.1 | 27.20 | 197.28 | 224.48 | OK | |
| r-devel-linux-x86_64-debian-gcc | 0.4.1 | 16.29 | 138.77 | 155.06 | OK | |
| r-devel-linux-x86_64-fedora-clang | 0.4.1 | 66.00 | 264.95 | 330.95 | OK | |
| r-devel-linux-x86_64-fedora-gcc | 0.4.1 | 52.00 | 260.00 | 312.00 | OK | |
| r-devel-windows-x86_64 | 0.4.1 | 35.00 | 209.00 | 244.00 | ERROR | |
| r-patched-linux-x86_64 | 0.4.1 | 30.22 | 163.71 | 193.93 | OK | |
| r-release-linux-x86_64 | 0.4.1 | 24.12 | 163.40 | 187.52 | OK | |
| r-release-macos-arm64 | 0.4.1 | 11.00 | 90.00 | 101.00 | OK | |
| r-release-macos-x86_64 | 0.4.1 | 31.00 | 162.00 | 193.00 | OK | |
| r-release-windows-x86_64 | 0.4.1 | 33.00 | 208.00 | 241.00 | OK | |
| r-oldrel-macos-arm64 | 0.4.1 | 11.00 | 80.00 | 91.00 | OK | |
| r-oldrel-macos-x86_64 | 0.4.1 | 24.00 | 162.00 | 186.00 | OK | |
| r-oldrel-windows-x86_64 | 0.4.1 | 40.00 | 271.00 | 311.00 | OK | 
Version: 0.4.1
Check: tests
Result: ERROR
    Running 'testthat.R' [12s]
  Running the tests in 'tests/testthat.R' failed.
  Complete output:
    > library(testthat)
    > library(SIMplyBee)
    Loading required package: AlphaSimR
    Loading required package: R6
    
    Attaching package: 'SIMplyBee'
    
    The following object is masked from 'package:base':
    
        split
    
    > 
    > test_check("SIMplyBee")
    sex
      A   B   F   M 
      1   1 106 200 
    [1] "Cross plan, drone colonies"
    Randomly pulling colonies: 2
    Randomly selecting colonies: 1
    Randomly selecting colonies: 1
    Randomly selecting colonies: 1
    Randomly selecting colonies: 1
    Randomly selecting colonies: 0
    Randomly selecting colonies: 0
    Randomly selecting colonies: 1
    Randomly selecting colonies: 1
    Randomly selecting colonies: 1
    Randomly selecting colonies: 1
    Randomly selecting colonies: 0
    Randomly selecting colonies: 0
    Randomly selecting colonies: 1
    Randomly pulling colonies: 1
    Randomly pulling colonies: 1
    Randomly pulling colonies: 1
    Randomly pulling colonies: 1
    Randomly pulling colonies: 3
    Randomly pulling colonies: 1
    [ FAIL 1 | WARN 2 | SKIP 0 | PASS 476 ]
    
    ══ Failed tests ════════════════════════════════════════════════════════════════
    ── Error ('test-L2_colony_functions.R:73:4'): Add functions ────────────────────
    Error in `pullDroneGroupsFromDCA(drones, n = 5, nDrones = nFathersPoisson, 
        simParamBee = SP)`: We ran out of drones in the DCA!
    Backtrace:
        ▆
     1. └─SIMplyBee::pullDroneGroupsFromDCA(...) at test-L2_colony_functions.R:73:4
    
    [ FAIL 1 | WARN 2 | SKIP 0 | PASS 476 ]
    Error: Test failures
    Execution halted
Flavor: r-devel-windows-x86_64