Last updated on 2025-11-04 11:52:43 CET.
| Flavor | Version | Tinstall | Tcheck | Ttotal | Status | Flags | 
|---|---|---|---|---|---|---|
| r-devel-linux-x86_64-debian-clang | 1.3 | 5.44 | 24.96 | 30.40 | NOTE | |
| r-devel-linux-x86_64-debian-gcc | 1.3 | 4.14 | 18.93 | 23.07 | NOTE | |
| r-devel-linux-x86_64-fedora-clang | 1.3 | 14.00 | 33.51 | 47.51 | OK | |
| r-devel-linux-x86_64-fedora-gcc | 1.3 | 16.00 | 27.85 | 43.85 | OK | |
| r-devel-windows-x86_64 | 1.3 | 10.00 | 47.00 | 57.00 | OK | |
| r-patched-linux-x86_64 | 1.3 | 5.44 | 23.30 | 28.74 | OK | |
| r-release-linux-x86_64 | 1.3 | 5.44 | 23.18 | 28.62 | OK | |
| r-release-macos-arm64 | 1.3 | 3.00 | 15.00 | 18.00 | OK | |
| r-release-macos-x86_64 | 1.3 | 7.00 | 41.00 | 48.00 | OK | |
| r-release-windows-x86_64 | 1.3 | 8.00 | 45.00 | 53.00 | OK | |
| r-oldrel-macos-arm64 | 1.3 | 3.00 | 17.00 | 20.00 | OK | |
| r-oldrel-macos-x86_64 | 1.3 | 5.00 | 32.00 | 37.00 | OK | |
| r-oldrel-windows-x86_64 | 1.3 | 7.00 | 48.00 | 55.00 | OK | 
Version: 1.3
Check: CRAN incoming feasibility
Result: NOTE
  Maintainer: ‘Noah Simon <nrsimon@uw.edu>’
  
  No Authors@R field in DESCRIPTION.
  Please add one, modifying
    Authors@R: c(person(given = "Noah",
                        family = "Simon",
                        role = c("aut", "cre"),
                        email = "nrsimon@uw.edu"),
                 person(given = "Jerome",
                        family = "Friedman",
                        role = "aut"),
                 person(given = "Trevor",
                        family = "Hastie",
                        role = "aut"),
                 person(given = "Rob",
                        family = "Tibshirani",
                        role = "aut"))
  as necessary.
Flavors: r-devel-linux-x86_64-debian-clang, r-devel-linux-x86_64-debian-gcc