Last updated on 2025-11-04 05:51:25 CET.
| Flavor | Version | Tinstall | Tcheck | Ttotal | Status | Flags | 
|---|---|---|---|---|---|---|
| r-devel-linux-x86_64-debian-clang | 1.0.1.1 | 3.38 | 73.59 | 76.97 | NOTE | |
| r-devel-linux-x86_64-debian-gcc | 1.0.1.1 | 2.27 | 51.81 | 54.08 | NOTE | |
| r-devel-linux-x86_64-fedora-clang | 1.0.1.1 | 116.91 | OK | |||
| r-devel-linux-x86_64-fedora-gcc | 1.0.1.1 | 129.95 | OK | |||
| r-devel-windows-x86_64 | 1.0.1.1 | 6.00 | 108.00 | 114.00 | OK | |
| r-patched-linux-x86_64 | 1.0.1.1 | 3.86 | 69.24 | 73.10 | OK | |
| r-release-linux-x86_64 | 1.0.1.1 | 2.98 | 69.74 | 72.72 | OK | |
| r-release-macos-arm64 | 1.0.1.1 | 2.00 | 40.00 | 42.00 | OK | |
| r-release-macos-x86_64 | 1.0.1.1 | 3.00 | 77.00 | 80.00 | OK | |
| r-release-windows-x86_64 | 1.0.1.1 | 4.00 | 109.00 | 113.00 | OK | |
| r-oldrel-macos-arm64 | 1.0.1.1 | 1.00 | 38.00 | 39.00 | OK | |
| r-oldrel-macos-x86_64 | 1.0.1.1 | 4.00 | 120.00 | 124.00 | OK | |
| r-oldrel-windows-x86_64 | 1.0.1.1 | 7.00 | 128.00 | 135.00 | OK | 
Version: 1.0.1.1
Check: CRAN incoming feasibility
Result: NOTE
  Maintainer: ‘Monique Graf <monique.p.n.graf@bluewin.ch>’
  
  No Authors@R field in DESCRIPTION.
  Please add one, modifying
    Authors@R: person(given = "Monique",
                      family = "Graf",
                      role = c("aut", "cre"),
                      email = "monique.p.n.graf@bluewin.ch")
  as necessary.
Flavors: r-devel-linux-x86_64-debian-clang, r-devel-linux-x86_64-debian-gcc