Last updated on 2025-02-21 17:50:54 CET.
Flavor | Version | Tinstall | Tcheck | Ttotal | Status | Flags |
---|---|---|---|---|---|---|
r-devel-linux-x86_64-debian-clang | 1.2.3 | 13.56 | 107.68 | 121.24 | OK | |
r-devel-linux-x86_64-debian-gcc | 1.2.3 | 0.37 | 1.73 | 2.10 | ERROR | |
r-devel-linux-x86_64-fedora-clang | 1.2.3 | 206.38 | OK | |||
r-devel-linux-x86_64-fedora-gcc | 1.2.3 | 188.16 | OK | |||
r-devel-macos-arm64 | 1.2.3 | 48.00 | OK | |||
r-devel-macos-x86_64 | 1.2.3 | 135.00 | OK | |||
r-devel-windows-x86_64 | 1.2.3 | 15.00 | 123.00 | 138.00 | OK | |
r-patched-linux-x86_64 | 1.2.3 | 11.65 | 100.19 | 111.84 | OK | |
r-release-linux-x86_64 | 1.2.3 | 11.73 | 101.25 | 112.98 | OK | |
r-release-macos-arm64 | 1.2.3 | 59.00 | OK | |||
r-release-macos-x86_64 | 1.2.3 | 105.00 | OK | |||
r-release-windows-x86_64 | 1.2.3 | 15.00 | 120.00 | 135.00 | OK | |
r-oldrel-macos-arm64 | 1.2.2 | 58.00 | OK | |||
r-oldrel-macos-x86_64 | 1.2.3 | 106.00 | OK | |||
r-oldrel-windows-x86_64 | 1.2.3 | 18.00 | 175.00 | 193.00 | OK |
Version: 1.2.3
Check: package dependencies
Result: ERROR
Package required but not available: ‘Rgraphviz’
See section ‘The DESCRIPTION file’ in the ‘Writing R Extensions’
manual.
Flavor: r-devel-linux-x86_64-debian-gcc