CRAN Package Check Results for Package SEI

Last updated on 2025-05-29 00:48:34 CEST.

Flavor Version Tinstall Tcheck Ttotal Status Flags
r-devel-linux-x86_64-debian-clang 0.2.0 12.88 140.34 153.22 OK
r-devel-linux-x86_64-debian-gcc 0.2.0 8.86 96.36 105.22 OK
r-devel-linux-x86_64-fedora-clang 0.2.0 230.08 OK
r-devel-linux-x86_64-fedora-gcc 0.2.0 204.14 OK
r-devel-windows-x86_64 0.2.0 14.00 149.00 163.00 OK
r-patched-linux-x86_64 0.2.0 13.47 127.16 140.63 OK
r-release-linux-x86_64 0.2.0 13.50 125.84 139.34 OK
r-release-macos-arm64 0.2.0 76.00 WARN
r-release-macos-x86_64 0.2.0 150.00 OK
r-release-windows-x86_64 0.2.0 15.00 149.00 164.00 OK
r-oldrel-macos-arm64 0.2.0 81.00 WARN
r-oldrel-macos-x86_64 0.2.0 155.00 OK
r-oldrel-windows-x86_64 0.2.0 19.00 186.00 205.00 OK

Check Details

Version: 0.2.0
Check: re-building of vignette outputs
Result: WARN Error(s) in re-building vignettes: --- re-building ‘SEI_vignette.Rnw’ using knitr Error: processing vignette 'SEI_vignette.Rnw' failed with diagnostics: Running 'texi2dvi' on 'SEI_vignette.tex' failed. LaTeX errors: !pdfTeX error: pdflatex (file bbm10): Font bbm10 at 657 not found ==> Fatal error occurred, no output PDF file produced! --- failed re-building ‘SEI_vignette.Rnw’ SUMMARY: processing the following file failed: ‘SEI_vignette.Rnw’ Error: Vignette re-building failed. Execution halted Flavors: r-release-macos-arm64, r-oldrel-macos-arm64

mirror server hosted at Truenetwork, Russian Federation.