Last updated on 2025-11-03 23:50:32 CET.
| Flavor | Version | Tinstall | Tcheck | Ttotal | Status | Flags | 
|---|---|---|---|---|---|---|
| r-devel-linux-x86_64-debian-clang | 2.3.3 | 14.87 | 158.01 | 172.88 | NOTE | |
| r-devel-linux-x86_64-debian-gcc | 2.3.3 | 10.45 | 106.53 | 116.98 | NOTE | |
| r-devel-linux-x86_64-fedora-clang | 2.3.3 | 66.00 | 199.97 | 265.97 | OK | |
| r-devel-linux-x86_64-fedora-gcc | 2.3.3 | 65.00 | 188.12 | 253.12 | OK | |
| r-devel-windows-x86_64 | 2.3.3 | 17.00 | 138.00 | 155.00 | OK | |
| r-patched-linux-x86_64 | 2.3.3 | 13.24 | 143.03 | 156.27 | OK | |
| r-release-linux-x86_64 | 2.3.3 | 12.49 | 144.36 | 156.85 | OK | |
| r-release-macos-arm64 | 2.3.3 | 8.00 | 58.00 | 66.00 | OK | |
| r-release-macos-x86_64 | 2.3.3 | 17.00 | 122.00 | 139.00 | OK | |
| r-release-windows-x86_64 | 2.3.3 | 18.00 | 135.00 | 153.00 | OK | |
| r-oldrel-macos-arm64 | 2.3.3 | 8.00 | 57.00 | 65.00 | OK | |
| r-oldrel-macos-x86_64 | 2.3.3 | 12.00 | 83.00 | 95.00 | OK | |
| r-oldrel-windows-x86_64 | 2.3.3 | 26.00 | 183.00 | 209.00 | OK | 
Version: 2.3.3
Check: CRAN incoming feasibility
Result: NOTE
  Maintainer: ‘Takahiro Shimada <taka.shimada@gmail.com>’
  
  No Authors@R field in DESCRIPTION.
  Please add one, modifying
    Authors@R: person(given = "Takahiro",
                      family = "Shimada",
                      role = c("aut", "cre"),
                      email = "taka.shimada@gmail.com")
  as necessary.
Flavors: r-devel-linux-x86_64-debian-clang, r-devel-linux-x86_64-debian-gcc