Last updated on 2025-11-28 12:48:50 CET.
| Flavor | Version | Tinstall | Tcheck | Ttotal | Status | Flags |
|---|---|---|---|---|---|---|
| r-devel-linux-x86_64-debian-clang | 0.9-55 | 8.10 | 62.03 | 70.13 | NOTE | |
| r-devel-linux-x86_64-debian-gcc | 0.9-55 | 5.57 | 44.83 | 50.40 | NOTE | |
| r-devel-linux-x86_64-fedora-clang | 0.9-55 | 17.00 | 93.06 | 110.06 | OK | |
| r-devel-linux-x86_64-fedora-gcc | 0.9-55 | 19.00 | 102.99 | 121.99 | OK | |
| r-devel-windows-x86_64 | 0.9-55 | 13.00 | 78.00 | 91.00 | OK | |
| r-patched-linux-x86_64 | 0.9-55 | 8.27 | 59.75 | 68.02 | OK | |
| r-release-linux-x86_64 | 0.9-55 | 7.67 | 59.34 | 67.01 | OK | |
| r-release-macos-arm64 | 0.9-55 | OK | ||||
| r-release-macos-x86_64 | 0.9-55 | 7.00 | 64.00 | 71.00 | OK | |
| r-release-windows-x86_64 | 0.9-55 | 11.00 | 99.00 | 110.00 | OK | |
| r-oldrel-macos-arm64 | 0.9-55 | OK | ||||
| r-oldrel-macos-x86_64 | 0.9-55 | 7.00 | 52.00 | 59.00 | OK | |
| r-oldrel-windows-x86_64 | 0.9-55 | 14.00 | 88.00 | 102.00 | OK |
Version: 0.9-55
Check: CRAN incoming feasibility
Result: NOTE
Maintainer: ‘John R. Ortiz <jrortizt@unal.edu.co>’
Found the following URLs which should use \doi (with the DOI name only):
File ‘plot.Rd’:
https://doi.org/10.25573/data.13118426.v2
Flavors: r-devel-linux-x86_64-debian-clang, r-devel-linux-x86_64-debian-gcc