Last updated on 2025-05-22 06:51:58 CEST.
Flavor | Version | Tinstall | Tcheck | Ttotal | Status | Flags |
---|---|---|---|---|---|---|
r-devel-linux-x86_64-debian-clang | 1.0.0 | 53.99 | 425.57 | 479.56 | OK | |
r-devel-linux-x86_64-debian-gcc | 1.0.0 | 41.00 | 291.68 | 332.68 | OK | |
r-devel-linux-x86_64-fedora-clang | 1.0.0 | 763.76 | ERROR | |||
r-devel-linux-x86_64-fedora-gcc | 1.0.0 | 727.53 | OK | |||
r-devel-windows-x86_64 | 1.0.0 | 53.00 | 344.00 | 397.00 | OK | |
r-patched-linux-x86_64 | 1.0.0 | 52.36 | 397.67 | 450.03 | OK | |
r-release-linux-x86_64 | 1.0.0 | 54.68 | 397.23 | 451.91 | OK | |
r-release-macos-arm64 | 1.0.0 | 178.00 | OK | |||
r-release-macos-x86_64 | 1.0.0 | 473.00 | OK | |||
r-release-windows-x86_64 | 1.0.0 | 54.00 | 362.00 | 416.00 | OK | |
r-oldrel-macos-arm64 | 1.0.0 | 192.00 | OK | |||
r-oldrel-macos-x86_64 | 1.0.0 | 265.00 | NOTE | |||
r-oldrel-windows-x86_64 | 1.0.0 | 71.00 | 457.00 | 528.00 | OK |
Version: 1.0.0
Check: PDF version of manual
Result: WARN
LaTeX errors when creating PDF version.
This typically indicates Rd problems.
Flavor: r-devel-linux-x86_64-fedora-clang
Version: 1.0.0
Check: PDF version of manual without index
Result: ERROR
Re-running with no redirection of stdout/stderr.
Flavor: r-devel-linux-x86_64-fedora-clang
Version: 1.0.0
Check: for non-standard things in the check directory
Result: NOTE
Found the following files/directories:
‘SCdeconR-manual.tex’
Flavor: r-devel-linux-x86_64-fedora-clang
Version: 1.0.0
Check: package dependencies
Result: NOTE
Package suggested but not available for checking: ‘Linnorm’
Flavor: r-oldrel-macos-x86_64