CRAN Package Check Results for Package SCRT

Last updated on 2025-07-13 00:48:40 CEST.

Flavor Version Tinstall Tcheck Ttotal Status Flags
r-devel-linux-x86_64-debian-clang 1.3.1 8.17 38.45 46.62 NOTE
r-devel-linux-x86_64-debian-gcc 1.3.1 4.95 26.60 31.55 NOTE
r-devel-linux-x86_64-fedora-clang 1.3.1 74.89 OK
r-devel-linux-x86_64-fedora-gcc 1.3.1 69.01 OK
r-devel-windows-x86_64 1.3.1 8.00 53.00 61.00 OK
r-patched-linux-x86_64 1.3.1 8.46 36.28 44.74 OK
r-release-linux-x86_64 1.3.1 7.43 36.88 44.31 OK
r-release-macos-arm64 1.3.1 32.00 OK
r-release-macos-x86_64 1.3.1 38.00 OK
r-release-windows-x86_64 1.3.1 8.00 54.00 62.00 OK
r-oldrel-macos-arm64 1.3.1 19.00 OK
r-oldrel-macos-x86_64 1.3.1 33.00 OK
r-oldrel-windows-x86_64 1.3.1 8.00 52.00 60.00 OK

Check Details

Version: 1.3.1
Check: CRAN incoming feasibility
Result: NOTE Maintainer: ‘Tamal Kumar De <tamalkumar.de@kuleuven.be>’ No Authors@R field in DESCRIPTION. Please add one, modifying Authors@R: c(person(given = "Isis", family = "Bulte", role = "aut"), person(given = c("Tamal", "Kumar"), family = "De", role = c("aut", "cre"), email = "tamalkumar.de@kuleuven.be"), person(given = "Patrick", family = "Onghena", role = "aut")) as necessary. Flavors: r-devel-linux-x86_64-debian-clang, r-devel-linux-x86_64-debian-gcc

mirror server hosted at Truenetwork, Russian Federation.