Last updated on 2025-05-23 06:50:01 CEST.
Flavor | Version | Tinstall | Tcheck | Ttotal | Status | Flags |
---|---|---|---|---|---|---|
r-devel-linux-x86_64-debian-clang | 0.0.2 | 14.09 | 139.33 | 153.42 | OK | |
r-devel-linux-x86_64-debian-gcc | 0.0.2 | 9.96 | 109.95 | 119.91 | OK | |
r-devel-linux-x86_64-fedora-clang | 0.0.2 | 5.36 | ERROR | |||
r-devel-linux-x86_64-fedora-gcc | 0.0.2 | 231.71 | OK | |||
r-devel-windows-x86_64 | 0.0.2 | 17.00 | 136.00 | 153.00 | OK | |
r-patched-linux-x86_64 | 0.0.2 | 14.37 | 131.65 | 146.02 | OK | |
r-release-linux-x86_64 | 0.0.2 | 13.39 | 132.01 | 145.40 | OK | |
r-release-macos-arm64 | 0.0.2 | 69.00 | OK | |||
r-release-macos-x86_64 | 0.0.2 | 141.00 | OK | |||
r-release-windows-x86_64 | 0.0.2 | 18.00 | 135.00 | 153.00 | OK | |
r-oldrel-macos-arm64 | 0.0.2 | 67.00 | OK | |||
r-oldrel-macos-x86_64 | 0.0.2 | 112.00 | OK | |||
r-oldrel-windows-x86_64 | 0.0.2 | 20.00 | 170.00 | 190.00 | OK |
Version: 0.0.2
Check: whether package can be installed
Result: ERROR
Installation failed.
Flavor: r-devel-linux-x86_64-fedora-clang