Last updated on 2025-02-21 17:50:54 CET.
Flavor | Version | Tinstall | Tcheck | Ttotal | Status | Flags |
---|---|---|---|---|---|---|
r-devel-linux-x86_64-debian-clang | 0.1.1 | 119.49 | 37.73 | 157.22 | OK | |
r-devel-linux-x86_64-debian-gcc | 0.1.1 | 74.40 | 27.92 | 102.32 | OK | |
r-devel-linux-x86_64-fedora-clang | 0.1.1 | 311.74 | OK | |||
r-devel-linux-x86_64-fedora-gcc | 0.1.1 | 281.25 | OK | |||
r-devel-macos-arm64 | 0.1.1 | 59.00 | OK | |||
r-devel-macos-x86_64 | 0.1.1 | 93.00 | OK | |||
r-devel-windows-x86_64 | 0.1.1 | 116.00 | 92.00 | 208.00 | OK | |
r-patched-linux-x86_64 | 0.1.1 | 107.40 | 35.61 | 143.01 | OK | |
r-release-linux-x86_64 | 0.1.1 | 103.89 | 35.82 | 139.71 | OK | |
r-release-macos-arm64 | 0.1.1 | 63.00 | NOTE | |||
r-release-macos-x86_64 | 0.1.1 | 76.00 | NOTE | |||
r-release-windows-x86_64 | 0.1.1 | 117.00 | 80.00 | 197.00 | OK | |
r-oldrel-macos-arm64 | 0.1.1 | 67.00 | NOTE | |||
r-oldrel-macos-x86_64 | 0.1.1 | 86.00 | NOTE | |||
r-oldrel-windows-x86_64 | 0.1.1 | 141.00 | 128.00 | 269.00 | OK |
Version: 0.1.1
Check: installed package size
Result: NOTE
installed size is 5.3Mb
sub-directories of 1Mb or more:
libs 5.0Mb
Flavors: r-release-macos-arm64, r-release-macos-x86_64, r-oldrel-macos-arm64, r-oldrel-macos-x86_64