Last updated on 2025-05-27 18:50:01 CEST.
Flavor | Version | Tinstall | Tcheck | Ttotal | Status | Flags |
---|---|---|---|---|---|---|
r-devel-linux-x86_64-debian-clang | 0.1.1 | 110.73 | 44.65 | 155.38 | OK | |
r-devel-linux-x86_64-debian-gcc | 0.1.1 | 77.09 | 32.18 | 109.27 | OK | |
r-devel-linux-x86_64-fedora-clang | 0.1.1 | 310.62 | OK | |||
r-devel-linux-x86_64-fedora-gcc | 0.1.1 | 234.91 | OK | |||
r-devel-windows-x86_64 | 0.1.1 | 128.00 | 85.00 | 213.00 | OK | |
r-patched-linux-x86_64 | 0.1.1 | 108.21 | 41.48 | 149.69 | OK | |
r-release-linux-x86_64 | 0.1.1 | 108.17 | 41.27 | 149.44 | OK | |
r-release-macos-arm64 | 0.1.1 | 60.00 | OK | |||
r-release-macos-x86_64 | 0.1.1 | 93.00 | OK | |||
r-release-windows-x86_64 | 0.1.1 | 129.00 | 85.00 | 214.00 | OK | |
r-oldrel-macos-arm64 | 0.1.1 | 63.00 | NOTE | |||
r-oldrel-macos-x86_64 | 0.1.1 | 76.00 | NOTE | |||
r-oldrel-windows-x86_64 | 0.1.1 | 150.00 | 97.00 | 247.00 | OK |
Version: 0.1.1
Check: installed package size
Result: NOTE
installed size is 5.3Mb
sub-directories of 1Mb or more:
libs 5.0Mb
Flavors: r-oldrel-macos-arm64, r-oldrel-macos-x86_64