Last updated on 2025-05-28 00:49:13 CEST.
Flavor | Version | Tinstall | Tcheck | Ttotal | Status | Flags |
---|---|---|---|---|---|---|
r-devel-linux-x86_64-debian-clang | 0.0.1 | 32.75 | 555.96 | 588.71 | NOTE | |
r-devel-linux-x86_64-debian-gcc | 0.0.1 | 23.43 | 374.99 | 398.42 | NOTE | |
r-devel-linux-x86_64-fedora-clang | 0.0.1 | 710.44 | NOTE | |||
r-devel-linux-x86_64-fedora-gcc | 0.0.1 | 841.45 | NOTE | |||
r-devel-windows-x86_64 | 0.0.1 | 31.00 | 463.00 | 494.00 | NOTE | |
r-patched-linux-x86_64 | 0.0.1 | 33.44 | 523.52 | 556.96 | NOTE | |
r-release-linux-x86_64 | 0.0.1 | 34.11 | 523.67 | 557.78 | NOTE | |
r-release-macos-arm64 | 0.0.1 | 226.00 | NOTE | |||
r-release-macos-x86_64 | 0.0.1 | 515.00 | NOTE | |||
r-release-windows-x86_64 | 0.0.1 | 33.00 | 458.00 | 491.00 | NOTE | |
r-oldrel-macos-arm64 | 0.0.1 | 221.00 | OK | |||
r-oldrel-macos-x86_64 | 0.0.1 | 340.00 | OK | |||
r-oldrel-windows-x86_64 | 0.0.1 | 46.00 | 624.00 | 670.00 | OK |
Version: 0.0.1
Check: DESCRIPTION meta-information
Result: NOTE
Missing dependency on R >= 4.1.0 because package code uses the pipe
|> or function shorthand \(...) syntax added in R 4.1.0.
File(s) using such syntax:
‘fit_density_ratio.R’ ‘fit_plug_and_play.R’
Flavors: r-devel-linux-x86_64-debian-clang, r-devel-linux-x86_64-debian-gcc, r-devel-linux-x86_64-fedora-clang, r-devel-linux-x86_64-fedora-gcc, r-devel-windows-x86_64, r-patched-linux-x86_64, r-release-linux-x86_64, r-release-macos-arm64, r-release-macos-x86_64, r-release-windows-x86_64