Last updated on 2025-11-04 05:51:24 CET.
| Flavor | Version | Tinstall | Tcheck | Ttotal | Status | Flags | 
|---|---|---|---|---|---|---|
| r-devel-linux-x86_64-debian-clang | 0.8-3 | 53.14 | 54.23 | 107.37 | NOTE | |
| r-devel-linux-x86_64-debian-gcc | 0.8-3 | 42.96 | 37.70 | 80.66 | NOTE | |
| r-devel-linux-x86_64-fedora-clang | 0.8-3 | 132.00 | 60.96 | 192.96 | NOTE | |
| r-devel-linux-x86_64-fedora-gcc | 0.8-3 | 141.00 | 50.51 | 191.51 | NOTE | |
| r-devel-windows-x86_64 | 0.8-3 | 60.00 | 95.00 | 155.00 | NOTE | |
| r-patched-linux-x86_64 | 0.8-3 | 59.71 | 51.48 | 111.19 | NOTE | |
| r-release-linux-x86_64 | 0.8-3 | 60.31 | 51.23 | 111.54 | NOTE | |
| r-release-macos-arm64 | 0.8-3 | 21.00 | 27.00 | 48.00 | NOTE | |
| r-release-macos-x86_64 | 0.8-3 | 29.00 | 52.00 | 81.00 | NOTE | |
| r-release-windows-x86_64 | 0.8-3 | 59.00 | 93.00 | 152.00 | NOTE | |
| r-oldrel-macos-arm64 | 0.8-3 | 22.00 | 26.00 | 48.00 | NOTE | |
| r-oldrel-macos-x86_64 | 0.8-3 | 32.00 | 37.00 | 69.00 | NOTE | |
| r-oldrel-windows-x86_64 | 0.8-3 | 75.00 | 112.00 | 187.00 | NOTE | 
Version: 0.8-3
Check: C++ specification
Result: NOTE
    Specified C++11: please drop specification unless essential
Flavors: r-devel-linux-x86_64-debian-clang, r-devel-linux-x86_64-debian-gcc, r-devel-linux-x86_64-fedora-clang, r-devel-linux-x86_64-fedora-gcc, r-devel-windows-x86_64, r-patched-linux-x86_64, r-release-linux-x86_64, r-release-macos-arm64, r-release-macos-x86_64, r-release-windows-x86_64, r-oldrel-macos-arm64, r-oldrel-macos-x86_64, r-oldrel-windows-x86_64
Version: 0.8-3
Check: installed package size
Result: NOTE
    installed size is 10.3Mb
    sub-directories of 1Mb or more:
      libs   9.3Mb
Flavors: r-oldrel-macos-arm64, r-oldrel-macos-x86_64