Last updated on 2025-11-04 11:52:42 CET.
| Flavor | Version | Tinstall | Tcheck | Ttotal | Status | Flags | 
|---|---|---|---|---|---|---|
| r-devel-linux-x86_64-debian-clang | 1.2.1 | 16.58 | 187.58 | 204.16 | NOTE | |
| r-devel-linux-x86_64-debian-gcc | 1.2.1 | 13.82 | 134.72 | 148.54 | NOTE | |
| r-devel-linux-x86_64-fedora-clang | 1.2.1 | 37.00 | 285.39 | 322.39 | OK | |
| r-devel-linux-x86_64-fedora-gcc | 1.2.1 | 36.00 | 295.92 | 331.92 | OK | |
| r-devel-windows-x86_64 | 1.2.1 | 18.00 | 408.00 | 426.00 | OK | |
| r-patched-linux-x86_64 | 1.2.1 | 16.55 | 181.61 | 198.16 | OK | |
| r-release-linux-x86_64 | 1.2.1 | 17.46 | 181.04 | 198.50 | OK | |
| r-release-macos-arm64 | 1.2.1 | 8.00 | 222.00 | 230.00 | OK | |
| r-release-macos-x86_64 | 1.2.1 | 13.00 | 466.00 | 479.00 | OK | |
| r-release-windows-x86_64 | 1.2.1 | 18.00 | 400.00 | 418.00 | OK | |
| r-oldrel-macos-arm64 | 1.2.1 | 7.00 | 194.00 | 201.00 | OK | |
| r-oldrel-macos-x86_64 | 1.2.1 | 10.00 | 327.00 | 337.00 | OK | |
| r-oldrel-windows-x86_64 | 1.2.1 | 24.00 | 558.00 | 582.00 | OK | 
Version: 1.2.1
Check: CRAN incoming feasibility
Result: NOTE
  Maintainer: ‘Houjie Wang <wanghoujie6688@gmail.com>’
  
  The Description field contains
    Wang, H. & Yoshida, R. (2020) <arXiv:2003.00677>. Details about
  Please refer to arXiv e-prints via their arXiv DOI <doi:10.48550/arXiv.YYMM.NNNNN>.
Flavors: r-devel-linux-x86_64-debian-clang, r-devel-linux-x86_64-debian-gcc