Last updated on 2025-02-21 17:50:54 CET.
Flavor | Version | Tinstall | Tcheck | Ttotal | Status | Flags |
---|---|---|---|---|---|---|
r-devel-linux-x86_64-debian-clang | 0.3.10 | 51.14 | 115.49 | 166.63 | OK | |
r-devel-linux-x86_64-debian-gcc | 0.3.10 | 37.96 | 78.88 | 116.84 | OK | |
r-devel-linux-x86_64-fedora-clang | 0.3.10 | 280.09 | OK | |||
r-devel-linux-x86_64-fedora-gcc | 0.3.10 | 280.56 | OK | |||
r-devel-macos-arm64 | 0.3.10 | 73.00 | OK | |||
r-devel-macos-x86_64 | 0.3.10 | 165.00 | OK | |||
r-devel-windows-x86_64 | 0.3.10 | 52.00 | 136.00 | 188.00 | OK | |
r-patched-linux-x86_64 | 0.3.10 | 48.49 | 105.69 | 154.18 | OK | |
r-release-linux-x86_64 | 0.3.10 | 53.37 | 106.26 | 159.63 | OK | |
r-release-macos-arm64 | 0.3.10 | 62.00 | NOTE | |||
r-release-macos-x86_64 | 0.3.10 | 113.00 | NOTE | |||
r-release-windows-x86_64 | 0.3.10 | 55.00 | 133.00 | 188.00 | OK | |
r-oldrel-macos-arm64 | 0.3.10 | 82.00 | NOTE | |||
r-oldrel-macos-x86_64 | 0.3.10 | 186.00 | NOTE | |||
r-oldrel-windows-x86_64 | 0.3.10 | 69.00 | 184.00 | 253.00 | OK |
Version: 0.3.10
Check: installed package size
Result: NOTE
installed size is 5.5Mb
sub-directories of 1Mb or more:
libs 5.3Mb
Flavors: r-release-macos-arm64, r-release-macos-x86_64, r-oldrel-macos-arm64, r-oldrel-macos-x86_64