CRAN Package Check Results for Package RoundAndRound

Last updated on 2025-11-28 12:48:49 CET.

Flavor Version Tinstall Tcheck Ttotal Status Flags
r-devel-linux-x86_64-debian-clang 0.0.1 1.94 22.61 24.55 OK
r-devel-linux-x86_64-debian-gcc 0.0.1 1.66 18.68 20.34 OK
r-devel-linux-x86_64-fedora-clang 0.0.1 36.56 NOTE
r-devel-linux-x86_64-fedora-gcc 0.0.1 34.12 NOTE
r-devel-windows-x86_64 0.0.1 6.00 41.00 47.00 OK
r-patched-linux-x86_64 0.0.1 2.07 21.12 23.19 OK
r-release-linux-x86_64 0.0.1 1.81 21.16 22.97 OK
r-release-macos-arm64 0.0.1 OK
r-release-macos-x86_64 0.0.1 2.00 23.00 25.00 OK
r-release-windows-x86_64 0.0.1 5.00 41.00 46.00 OK
r-oldrel-macos-arm64 0.0.1 OK
r-oldrel-macos-x86_64 0.0.1 2.00 20.00 22.00 OK
r-oldrel-windows-x86_64 0.0.1 5.00 49.00 54.00 OK

Check Details

Version: 0.0.1
Check: dependencies in R code
Result: NOTE Namespace in Imports field not imported from: ‘geometry’ All declared Imports should be used. Flavors: r-devel-linux-x86_64-fedora-clang, r-devel-linux-x86_64-fedora-gcc

mirror server hosted at Truenetwork, Russian Federation.