Last updated on 2025-11-04 05:51:23 CET.
| Flavor | Version | Tinstall | Tcheck | Ttotal | Status | Flags | 
|---|---|---|---|---|---|---|
| r-devel-linux-x86_64-debian-clang | 1.2.1 | 7.21 | 56.58 | 63.79 | NOTE | |
| r-devel-linux-x86_64-debian-gcc | 1.2.1 | 4.70 | 44.71 | 49.41 | NOTE | |
| r-devel-linux-x86_64-fedora-clang | 1.2.1 | 65.00 | 43.42 | 108.42 | OK | |
| r-devel-linux-x86_64-fedora-gcc | 1.2.1 | 34.00 | 63.74 | 97.74 | OK | |
| r-devel-windows-x86_64 | 1.2.1 | 10.00 | 76.00 | 86.00 | OK | |
| r-patched-linux-x86_64 | 1.2.1 | 6.87 | 53.96 | 60.83 | OK | |
| r-release-linux-x86_64 | 1.2.1 | 7.46 | 53.94 | 61.40 | OK | |
| r-release-macos-arm64 | 1.2.1 | 4.00 | 32.00 | 36.00 | OK | |
| r-release-macos-x86_64 | 1.2.1 | 7.00 | 51.00 | 58.00 | OK | |
| r-release-windows-x86_64 | 1.2.1 | 10.00 | 73.00 | 83.00 | OK | |
| r-oldrel-macos-arm64 | 1.2.1 | 3.00 | 26.00 | 29.00 | OK | |
| r-oldrel-macos-x86_64 | 1.2.1 | 5.00 | 37.00 | 42.00 | OK | |
| r-oldrel-windows-x86_64 | 1.2.1 | 12.00 | 86.00 | 98.00 | OK | 
Version: 1.2.1
Check: CRAN incoming feasibility
Result: NOTE
  Maintainer: ‘Jeffrey R. Webber <jwebber@geo.umass.edu>’
  
  No Authors@R field in DESCRIPTION.
  Please add one, modifying
    Authors@R: person(given = c("Jeffrey", "R."),
                      family = "Webber",
                      role = c("aut", "cre"),
                      email = "jwebber@geo.umass.edu")
  as necessary.
Flavors: r-devel-linux-x86_64-debian-clang, r-devel-linux-x86_64-debian-gcc