Last updated on 2025-11-04 11:52:41 CET.
| Flavor | Version | Tinstall | Tcheck | Ttotal | Status | Flags | 
|---|---|---|---|---|---|---|
| r-devel-linux-x86_64-debian-clang | 1.3.2 | 30.92 | 186.33 | 217.25 | OK | |
| r-devel-linux-x86_64-debian-gcc | 1.3.2 | 19.84 | 135.39 | 155.23 | OK | |
| r-devel-linux-x86_64-fedora-clang | 1.3.2 | 232.00 | 113.36 | 345.36 | NOTE | |
| r-devel-linux-x86_64-fedora-gcc | 1.3.2 | 82.00 | 248.97 | 330.97 | NOTE | |
| r-devel-windows-x86_64 | 1.3.2 | 33.00 | 196.00 | 229.00 | OK | |
| r-patched-linux-x86_64 | 1.3.2 | 30.32 | 175.40 | 205.72 | OK | |
| r-release-linux-x86_64 | 1.3.2 | 31.83 | 174.59 | 206.42 | OK | |
| r-release-macos-arm64 | 1.3.2 | 12.00 | 79.00 | 91.00 | OK | |
| r-release-macos-x86_64 | 1.3.2 | 25.00 | 158.00 | 183.00 | OK | |
| r-release-windows-x86_64 | 1.3.2 | 33.00 | 190.00 | 223.00 | OK | |
| r-oldrel-macos-arm64 | 1.3.2 | 14.00 | 81.00 | 95.00 | OK | |
| r-oldrel-macos-x86_64 | 1.3.2 | 19.00 | 208.00 | 227.00 | OK | |
| r-oldrel-windows-x86_64 | 1.3.2 | 47.00 | 267.00 | 314.00 | OK | 
Version: 1.3.2
Check: dependencies in R code
Result: NOTE
  Namespace in Imports field not imported from: ‘impute’
    All declared Imports should be used.
Flavors: r-devel-linux-x86_64-fedora-clang, r-devel-linux-x86_64-fedora-gcc