Last updated on 2025-11-04 05:51:23 CET.
| Flavor | Version | Tinstall | Tcheck | Ttotal | Status | Flags | 
|---|---|---|---|---|---|---|
| r-devel-linux-x86_64-debian-clang | 0.0.3 | 50.25 | 24.04 | 74.29 | OK | |
| r-devel-linux-x86_64-debian-gcc | 0.0.3 | 45.61 | 19.86 | 65.47 | OK | |
| r-devel-linux-x86_64-fedora-clang | 0.0.3 | 68.00 | 40.37 | 108.37 | OK | |
| r-devel-linux-x86_64-fedora-gcc | 0.0.3 | 157.00 | 2.22 | 159.22 | OK | |
| r-devel-windows-x86_64 | 0.0.3 | 64.00 | 75.00 | 139.00 | OK | |
| r-patched-linux-x86_64 | 0.0.3 | 69.43 | 22.95 | 92.38 | OK | |
| r-release-linux-x86_64 | 0.0.3 | 62.90 | 22.88 | 85.78 | OK | |
| r-release-macos-arm64 | 0.0.3 | 20.00 | 17.00 | 37.00 | OK | |
| r-release-macos-x86_64 | 0.0.3 | 52.00 | 25.00 | 77.00 | OK | |
| r-release-windows-x86_64 | 0.0.3 | 61.00 | 73.00 | 134.00 | OK | |
| r-oldrel-macos-arm64 | 0.0.3 | 15.00 | 19.00 | 34.00 | NOTE | |
| r-oldrel-macos-x86_64 | 0.0.3 | 30.00 | 25.00 | 55.00 | NOTE | |
| r-oldrel-windows-x86_64 | 0.0.3 | 78.00 | 105.00 | 183.00 | OK | 
Version: 0.0.3
Check: installed package size
Result: NOTE
    installed size is 19.7Mb
    sub-directories of 1Mb or more:
      libs  19.5Mb
Flavors: r-oldrel-macos-arm64, r-oldrel-macos-x86_64