CRAN Package Check Results for Package Rmst

Last updated on 2025-05-19 12:50:15 CEST.

Flavor Version Tinstall Tcheck Ttotal Status Flags
r-devel-linux-x86_64-debian-clang 0.0.3 6.13 47.96 54.09 OK
r-devel-linux-x86_64-debian-gcc 0.0.3 4.02 34.15 38.17 OK
r-devel-linux-x86_64-fedora-clang 0.0.3 88.29 NOTE
r-devel-linux-x86_64-fedora-gcc 0.0.3 83.30 NOTE
r-devel-windows-x86_64 0.0.3 8.00 61.00 69.00 OK
r-patched-linux-x86_64 0.0.3 5.46 45.40 50.86 OK
r-release-linux-x86_64 0.0.3 5.54 45.93 51.47 OK
r-release-macos-arm64 0.0.3 24.00 OK
r-release-macos-x86_64 0.0.3 97.00 OK
r-release-windows-x86_64 0.0.3 8.00 64.00 72.00 OK
r-oldrel-macos-arm64 0.0.3 25.00 OK
r-oldrel-macos-x86_64 0.0.3 70.00 OK
r-oldrel-windows-x86_64 0.0.3 9.00 73.00 82.00 OK

Check Details

Version: 0.0.3
Check: dependencies in R code
Result: NOTE Namespace in Imports field not imported from: ‘reshape2’ All declared Imports should be used. Flavors: r-devel-linux-x86_64-fedora-clang, r-devel-linux-x86_64-fedora-gcc

mirror server hosted at Truenetwork, Russian Federation.