Last updated on 2025-11-03 23:50:31 CET.
| Flavor | Version | Tinstall | Tcheck | Ttotal | Status | Flags | 
|---|---|---|---|---|---|---|
| r-devel-linux-x86_64-debian-clang | 0.1.6.2 | 19.82 | 31.35 | 51.17 | NOTE | |
| r-devel-linux-x86_64-debian-gcc | 0.1.6.2 | 14.19 | 23.93 | 38.12 | NOTE | |
| r-devel-linux-x86_64-fedora-clang | 0.1.6.2 | 40.00 | 46.22 | 86.22 | OK | |
| r-devel-linux-x86_64-fedora-gcc | 0.1.6.2 | 52.00 | 30.39 | 82.39 | OK | |
| r-devel-windows-x86_64 | 0.1.6.2 | 24.00 | 67.00 | 91.00 | OK | |
| r-patched-linux-x86_64 | 0.1.6.2 | 22.04 | 28.91 | 50.95 | OK | |
| r-release-linux-x86_64 | 0.1.6.2 | 18.94 | 28.93 | 47.87 | OK | |
| r-release-macos-arm64 | 0.1.6.2 | 5.00 | 5.00 | 10.00 | ERROR | |
| r-release-macos-x86_64 | 0.1.6.2 | 5.00 | 6.00 | 11.00 | ERROR | |
| r-release-windows-x86_64 | 0.1.6.2 | 23.00 | 66.00 | 89.00 | OK | |
| r-oldrel-macos-arm64 | 0.1.6.2 | 4.00 | 11.00 | 15.00 | ERROR | |
| r-oldrel-macos-x86_64 | 0.1.6.2 | 9.00 | 14.00 | 23.00 | ERROR | |
| r-oldrel-windows-x86_64 | 0.1.6.2 | 29.00 | 80.00 | 109.00 | NOTE | 
Version: 0.1.6.2
Check: CRAN incoming feasibility
Result: NOTE
  Maintainer: ‘Junhewk Kim <junhewk.kim@gmail.com>’
  
  No Authors@R field in DESCRIPTION.
  Please add one, modifying
    Authors@R: person(given = "Junhewk",
                      family = "Kim",
                      role = c("aut", "cre"),
                      email = "junhewk.kim@gmail.com")
  as necessary.
Flavors: r-devel-linux-x86_64-debian-clang, r-devel-linux-x86_64-debian-gcc
Version: 0.1.6.2
Check: whether package can be installed
Result: ERROR
  Installation failed.
Flavors: r-release-macos-arm64, r-release-macos-x86_64, r-oldrel-macos-arm64, r-oldrel-macos-x86_64
Version: 0.1.6.2
Check: LazyData
Result: NOTE
    'LazyData' is specified without a 'data' directory
Flavor: r-oldrel-windows-x86_64