Last updated on 2025-11-04 11:52:41 CET.
| Flavor | Version | Tinstall | Tcheck | Ttotal | Status | Flags | 
|---|---|---|---|---|---|---|
| r-devel-linux-x86_64-debian-clang | 0.23-42 | 4.76 | 19.72 | 24.48 | NOTE | |
| r-devel-linux-x86_64-debian-gcc | 0.23-42 | 3.84 | 16.57 | 20.41 | NOTE | |
| r-devel-linux-x86_64-fedora-clang | 0.23-42 | 13.00 | 24.05 | 37.05 | OK | |
| r-devel-linux-x86_64-fedora-gcc | 0.23-42 | 12.00 | 23.34 | 35.34 | OK | |
| r-devel-windows-x86_64 | 0.23-42 | 6.00 | 38.00 | 44.00 | OK | |
| r-patched-linux-x86_64 | 0.23-42 | 3.78 | 18.98 | 22.76 | OK | |
| r-release-linux-x86_64 | 0.23-42 | 3.82 | 18.85 | 22.67 | OK | |
| r-release-macos-arm64 | 0.23-42 | 9.00 | 13.00 | 22.00 | OK | |
| r-release-macos-x86_64 | 0.23-42 | 17.00 | 26.00 | 43.00 | OK | |
| r-release-windows-x86_64 | 0.23-42 | 6.00 | 38.00 | 44.00 | OK | |
| r-oldrel-macos-arm64 | 0.23-42 | 8.00 | 16.00 | 24.00 | OK | |
| r-oldrel-macos-x86_64 | 0.23-42 | 12.00 | 18.00 | 30.00 | OK | |
| r-oldrel-windows-x86_64 | 0.23-42 | 6.00 | 38.00 | 44.00 | OK | 
Version: 0.23-42
Check: CRAN incoming feasibility
Result: NOTE
  Maintainer: ‘Ei-ji Nakama <nakama@ki.rim.or.jp>’
  
  No Authors@R field in DESCRIPTION.
  Please add one, modifying
    Authors@R: c(person(given = "Junji",
                        family = "NAKANO",
                        role = "aut",
                        email = "nakanoj@ism.ac.jp"),
                 person(given = "Ei-ji",
                        family = "Nakama",
                        role = c("aut", "cre"),
                        email = "nakama@ki.rim.or.jp"))
  as necessary.
Flavors: r-devel-linux-x86_64-debian-clang, r-devel-linux-x86_64-debian-gcc