Last updated on 2025-11-03 11:49:51 CET.
| Flavor | Version | Tinstall | Tcheck | Ttotal | Status | Flags |
|---|---|---|---|---|---|---|
| r-devel-linux-x86_64-debian-clang | 2.1.5.2 | 884.27 | 111.08 | 995.35 | OK | |
| r-devel-linux-x86_64-debian-gcc | 2.1.5.2 | 615.09 | 74.03 | 689.12 | OK | |
| r-devel-linux-x86_64-fedora-clang | 2.1.5.2 | 900.00 | 1037.40 | 1937.40 | OK | |
| r-devel-linux-x86_64-fedora-gcc | 2.1.5.2 | 1320.00 | 630.24 | 1950.24 | OK | |
| r-devel-windows-x86_64 | 2.1.5.2 | 1134.00 | 210.00 | 1344.00 | OK | |
| r-patched-linux-x86_64 | 2.1.5.2 | 933.78 | 104.71 | 1038.49 | OK | |
| r-release-linux-x86_64 | 2.1.5.2 | 955.77 | 107.64 | 1063.41 | OK | |
| r-release-macos-arm64 | 2.1.5.2 | 293.00 | 43.00 | 336.00 | OK | |
| r-release-macos-x86_64 | 2.1.5.2 | 257.00 | 94.00 | 351.00 | OK | |
| r-release-windows-x86_64 | 2.1.5.2 | 1133.00 | 207.00 | 1340.00 | OK | |
| r-oldrel-macos-arm64 | 2.1.5.2 | 287.00 | 47.00 | 334.00 | NOTE | |
| r-oldrel-macos-x86_64 | 2.1.5.2 | 239.00 | 93.00 | 332.00 | NOTE | |
| r-oldrel-windows-x86_64 | 2.1.5.2 | 1318.00 | 270.00 | 1588.00 | NOTE |
Version: 2.1.5.2
Check: installed package size
Result: NOTE
installed size is 47.2Mb
sub-directories of 1Mb or more:
libs 45.8Mb
Flavors: r-oldrel-macos-arm64, r-oldrel-macos-x86_64, r-oldrel-windows-x86_64