Last updated on 2025-11-03 17:50:00 CET.
| Flavor | Version | Tinstall | Tcheck | Ttotal | Status | Flags |
|---|---|---|---|---|---|---|
| r-devel-linux-x86_64-debian-clang | 0.6.2 | 12.30 | 129.53 | 141.83 | OK | |
| r-devel-linux-x86_64-debian-gcc | 0.6.2 | 7.99 | 94.21 | 102.20 | OK | |
| r-devel-linux-x86_64-fedora-clang | 0.6.2 | 110.00 | 114.66 | 224.66 | NOTE | |
| r-devel-linux-x86_64-fedora-gcc | 0.6.2 | 23.00 | 191.13 | 214.13 | NOTE | |
| r-devel-windows-x86_64 | 0.6.2 | 15.00 | 190.00 | 205.00 | OK | |
| r-patched-linux-x86_64 | 0.6.2 | 11.53 | 122.09 | 133.62 | OK | |
| r-release-linux-x86_64 | 0.6.2 | 10.25 | 122.71 | 132.96 | OK | |
| r-release-macos-arm64 | 0.6.2 | 6.00 | 76.00 | 82.00 | OK | |
| r-release-macos-x86_64 | 0.6.2 | 12.00 | 141.00 | 153.00 | OK | |
| r-release-windows-x86_64 | 0.6.2 | 13.00 | 177.00 | 190.00 | OK | |
| r-oldrel-macos-arm64 | 0.6.2 | 5.00 | 79.00 | 84.00 | OK | |
| r-oldrel-macos-x86_64 | 0.6.2 | 11.00 | 140.00 | 151.00 | OK | |
| r-oldrel-windows-x86_64 | 0.6.2 | 17.00 | 211.00 | 228.00 | OK |
Version: 0.6.2
Check: dependencies in R code
Result: NOTE
Namespaces in Imports field not imported from:
‘DBI’ ‘dbplyr’ ‘fastmap’ ‘pool’ ‘withr’
All declared Imports should be used.
Flavors: r-devel-linux-x86_64-fedora-clang, r-devel-linux-x86_64-fedora-gcc