CRAN Package Check Results for Package ReportSubtotal

Last updated on 2025-11-03 17:50:00 CET.

Flavor Version Tinstall Tcheck Ttotal Status Flags
r-devel-linux-x86_64-debian-clang 0.1.2 4.33 35.80 40.13 OK
r-devel-linux-x86_64-debian-gcc 0.1.2 2.59 26.00 28.59 OK
r-devel-linux-x86_64-fedora-clang 0.1.2 10.00 49.91 59.91 NOTE
r-devel-linux-x86_64-fedora-gcc 0.1.2 10.00 45.57 55.57 NOTE
r-devel-windows-x86_64 0.1.2 6.00 50.00 56.00 OK
r-patched-linux-x86_64 0.1.2 3.31 33.05 36.36 OK
r-release-linux-x86_64 0.1.2 4.03 33.58 37.61 OK
r-release-macos-arm64 0.1.2 2.00 20.00 22.00 OK
r-release-macos-x86_64 0.1.2 3.00 35.00 38.00 OK
r-release-windows-x86_64 0.1.2 6.00 47.00 53.00 OK
r-oldrel-macos-arm64 0.1.2 2.00 25.00 27.00 OK
r-oldrel-macos-x86_64 0.1.2 4.00 38.00 42.00 OK
r-oldrel-windows-x86_64 0.1.2 8.00 59.00 67.00 OK

Check Details

Version: 0.1.2
Check: dependencies in R code
Result: NOTE Namespace in Imports field not imported from: ‘tidyselect’ All declared Imports should be used. Flavors: r-devel-linux-x86_64-fedora-clang, r-devel-linux-x86_64-fedora-gcc

mirror server hosted at Truenetwork, Russian Federation.