Last updated on 2025-11-04 05:51:22 CET.
| Flavor | Version | Tinstall | Tcheck | Ttotal | Status | Flags | 
|---|---|---|---|---|---|---|
| r-devel-linux-x86_64-debian-clang | 1.1.1 | 8.39 | 88.87 | 97.26 | NOTE | |
| r-devel-linux-x86_64-debian-gcc | 1.1.1 | 4.92 | 61.30 | 66.22 | NOTE | |
| r-devel-linux-x86_64-fedora-clang | 1.1.1 | 16.00 | 134.26 | 150.26 | OK | |
| r-devel-linux-x86_64-fedora-gcc | 1.1.1 | 17.00 | 138.88 | 155.88 | OK | |
| r-devel-windows-x86_64 | 1.1.1 | 12.00 | 100.00 | 112.00 | OK | |
| r-patched-linux-x86_64 | 1.1.1 | 7.73 | 83.08 | 90.81 | OK | |
| r-release-linux-x86_64 | 1.1.1 | 8.11 | 81.97 | 90.08 | OK | |
| r-release-macos-arm64 | 1.1.1 | 4.00 | 39.00 | 43.00 | OK | |
| r-release-macos-x86_64 | 1.1.1 | 7.00 | 72.00 | 79.00 | OK | |
| r-release-windows-x86_64 | 1.1.1 | 11.00 | 96.00 | 107.00 | OK | |
| r-oldrel-macos-arm64 | 1.1.1 | 4.00 | 41.00 | 45.00 | OK | |
| r-oldrel-macos-x86_64 | 1.1.1 | 6.00 | 58.00 | 64.00 | OK | |
| r-oldrel-windows-x86_64 | 1.1.1 | 17.00 | 125.00 | 142.00 | OK | 
Version: 1.1.1
Check: CRAN incoming feasibility
Result: NOTE
  Maintainer: ‘Dzmitry G Batrakou <d.batrakou@gmail.com>’
  
  No Authors@R field in DESCRIPTION.
  Please add one, modifying
    Authors@R: person(given = c("Dzmitry", "G"),
                      family = "Batrakou",
                      role = c("aut", "cre"),
                      email = "d.batrakou@gmail.com")
  as necessary.
Flavors: r-devel-linux-x86_64-debian-clang, r-devel-linux-x86_64-debian-gcc