Last updated on 2025-11-04 11:52:40 CET.
| Flavor | Version | Tinstall | Tcheck | Ttotal | Status | Flags | 
|---|---|---|---|---|---|---|
| r-devel-linux-x86_64-debian-clang | 2.1 | 7.17 | 87.12 | 94.29 | NOTE | |
| r-devel-linux-x86_64-debian-gcc | 2.1 | 5.36 | 64.35 | 69.71 | NOTE | |
| r-devel-linux-x86_64-fedora-clang | 2.1 | 16.00 | 127.17 | 143.17 | OK | |
| r-devel-linux-x86_64-fedora-gcc | 2.1 | 14.00 | 135.55 | 149.55 | OK | |
| r-devel-windows-x86_64 | 2.1 | 8.00 | 107.00 | 115.00 | OK | |
| r-patched-linux-x86_64 | 2.1 | 7.83 | 83.28 | 91.11 | OK | |
| r-release-linux-x86_64 | 2.1 | 7.31 | 84.83 | 92.14 | OK | |
| r-release-macos-arm64 | 2.1 | 4.00 | 52.00 | 56.00 | OK | |
| r-release-macos-x86_64 | 2.1 | 9.00 | 101.00 | 110.00 | OK | |
| r-release-windows-x86_64 | 2.1 | 8.00 | 104.00 | 112.00 | OK | |
| r-oldrel-macos-arm64 | 2.1 | 3.00 | 42.00 | 45.00 | OK | |
| r-oldrel-macos-x86_64 | 2.1 | 5.00 | 71.00 | 76.00 | OK | |
| r-oldrel-windows-x86_64 | 2.1 | 11.00 | 127.00 | 138.00 | OK | 
Version: 2.1
Check: CRAN incoming feasibility
Result: NOTE
  Maintainer: ‘Ivan Fernandez-Val <ivanf@bu.edu>’
  
  No Authors@R field in DESCRIPTION.
  Please add one, modifying
    Authors@R: c(person(given = "Wesley",
                        family = "Graybill",
                        role = "aut"),
                 person(given = "Mingli",
                        family = "Chen",
                        role = "aut"),
                 person(given = "Victor",
                        family = "Chernozhukov",
                        role = "aut"),
                 person(given = "Ivan",
                        family = "Fernandez-Val",
                        role = c("aut", "cre"),
                        email = "ivanf@bu.edu"),
                 person(given = "Alfred",
                        family = "Galichon",
                        role = "aut"))
  as necessary.
Flavors: r-devel-linux-x86_64-debian-clang, r-devel-linux-x86_64-debian-gcc