Last updated on 2025-11-03 11:49:50 CET.
| Flavor | Version | Tinstall | Tcheck | Ttotal | Status | Flags |
|---|---|---|---|---|---|---|
| r-devel-linux-x86_64-debian-clang | 1.0.1 | 29.38 | 53.60 | 82.98 | NOTE | |
| r-devel-linux-x86_64-debian-gcc | 1.0.1 | 19.62 | 40.04 | 59.66 | NOTE | |
| r-devel-linux-x86_64-fedora-clang | 1.0.1 | 319.00 | -162.23 | 156.77 | NOTE | |
| r-devel-linux-x86_64-fedora-gcc | 1.0.1 | 54.00 | 76.35 | 130.35 | NOTE | |
| r-devel-windows-x86_64 | 1.0.1 | 35.00 | 84.00 | 119.00 | NOTE | |
| r-patched-linux-x86_64 | 1.0.1 | 29.77 | 50.36 | 80.13 | NOTE | |
| r-release-linux-x86_64 | 1.0.1 | 29.98 | 50.49 | 80.47 | NOTE | |
| r-release-macos-arm64 | 1.0.1 | 10.00 | 24.00 | 34.00 | NOTE | |
| r-release-macos-x86_64 | 1.0.1 | 25.00 | 37.00 | 62.00 | NOTE | |
| r-release-windows-x86_64 | 1.0.1 | 35.00 | 82.00 | 117.00 | NOTE | |
| r-oldrel-macos-arm64 | 1.0.1 | 11.00 | 22.00 | 33.00 | NOTE | |
| r-oldrel-macos-x86_64 | 1.0.1 | 15.00 | 29.00 | 44.00 | NOTE | |
| r-oldrel-windows-x86_64 | 1.0.1 | 41.00 | 122.00 | 163.00 | NOTE |
Version: 1.0.1
Check: Rd files
Result: NOTE
checkRd: (-1) ReAD.Rd:19: Lost braces; missing escapes or markup?
19 | \item{pi}{An estimate of the stationary probabilities of four states {(0,0), (0,1), (1,0), (1,1)}.}
| ^
checkRd: (-1) em_hmm.Rd:22: Lost braces; missing escapes or markup?
22 | \item{pi}{An estimate of the stationary probabilities of four states {(0,0), (0,1), (1,0), (1,1)}.}
| ^
Flavors: r-devel-linux-x86_64-debian-clang, r-devel-linux-x86_64-debian-gcc, r-devel-linux-x86_64-fedora-clang, r-devel-linux-x86_64-fedora-gcc, r-devel-windows-x86_64, r-patched-linux-x86_64, r-release-linux-x86_64, r-release-macos-arm64, r-release-macos-x86_64, r-release-windows-x86_64, r-oldrel-macos-arm64, r-oldrel-macos-x86_64, r-oldrel-windows-x86_64