Last updated on 2025-11-04 11:52:40 CET.
| Flavor | Version | Tinstall | Tcheck | Ttotal | Status | Flags | 
|---|---|---|---|---|---|---|
| r-devel-linux-x86_64-debian-clang | 1.1.3 | 202.74 | 226.83 | 429.57 | OK | |
| r-devel-linux-x86_64-debian-gcc | 1.1.3 | 145.36 | 155.94 | 301.30 | OK | |
| r-devel-linux-x86_64-fedora-clang | 1.1.3 | 960.00 | -161.72 | 798.28 | OK | |
| r-devel-linux-x86_64-fedora-gcc | 1.1.3 | 166.00 | 576.07 | 742.07 | OK | |
| r-devel-windows-x86_64 | 1.1.3 | 217.00 | 284.00 | 501.00 | OK | |
| r-patched-linux-x86_64 | 1.1.3 | 204.11 | 214.61 | 418.72 | OK | |
| r-release-linux-x86_64 | 1.1.3 | 198.10 | 213.14 | 411.24 | OK | |
| r-release-macos-arm64 | 1.1.3 | 80.00 | 98.00 | 178.00 | OK | |
| r-release-macos-x86_64 | 1.1.3 | 81.00 | 191.00 | 272.00 | OK | |
| r-release-windows-x86_64 | 1.1.3 | 215.00 | 284.00 | 499.00 | OK | |
| r-oldrel-macos-arm64 | 1.1.3 | 76.00 | 113.00 | 189.00 | NOTE | |
| r-oldrel-macos-x86_64 | 1.1.3 | 80.00 | 187.00 | 267.00 | NOTE | |
| r-oldrel-windows-x86_64 | 1.1.3 | 268.00 | 363.00 | 631.00 | NOTE | 
Version: 1.1.3
Check: installed package size
Result: NOTE
    installed size is 19.8Mb
    sub-directories of 1Mb or more:
      data   1.9Mb
      libs  16.1Mb
Flavors: r-oldrel-macos-arm64, r-oldrel-macos-x86_64, r-oldrel-windows-x86_64