Last updated on 2025-02-21 17:50:52 CET.
Flavor | Version | Tinstall | Tcheck | Ttotal | Status | Flags |
---|---|---|---|---|---|---|
r-devel-linux-x86_64-debian-clang | 0.2.7 | 98.17 | 30.14 | 128.31 | NOTE | |
r-devel-linux-x86_64-debian-gcc | 0.2.7 | 76.43 | 22.39 | 98.82 | NOTE | |
r-devel-linux-x86_64-fedora-clang | 0.2.7 | 265.81 | NOTE | |||
r-devel-linux-x86_64-fedora-gcc | 0.2.7 | 253.67 | NOTE | |||
r-devel-macos-arm64 | 0.2.7 | 51.00 | NOTE | |||
r-devel-macos-x86_64 | 0.2.7 | 68.00 | NOTE | |||
r-devel-windows-x86_64 | 0.2.7 | 104.00 | 79.00 | 183.00 | NOTE | |
r-patched-linux-x86_64 | 0.2.7 | 107.62 | 27.25 | 134.87 | NOTE | |
r-release-linux-x86_64 | 0.2.7 | 108.82 | 26.96 | 135.78 | NOTE | |
r-release-macos-arm64 | 0.2.7 | 53.00 | NOTE | |||
r-release-macos-x86_64 | 0.2.7 | 68.00 | NOTE | |||
r-release-windows-x86_64 | 0.2.7 | 105.00 | 99.00 | 204.00 | NOTE | |
r-oldrel-macos-arm64 | 0.2.7 | 61.00 | NOTE | |||
r-oldrel-macos-x86_64 | 0.2.7 | 103.00 | NOTE | |||
r-oldrel-windows-x86_64 | 0.2.7 | 123.00 | 86.00 | 209.00 | OK |
Version: 0.2.7
Check: Rd files
Result: NOTE
checkRd: (-1) cSMCexamples.Rd:78-80: Lost braces in \itemize; \value handles \item{}{} directly
checkRd: (-1) cSMCexamples.Rd:81-83: Lost braces in \itemize; \value handles \item{}{} directly
checkRd: (-1) cSMCexamples.Rd:89: Lost braces in \itemize; \value handles \item{}{} directly
checkRd: (-1) cSMCexamples.Rd:90: Lost braces in \itemize; \value handles \item{}{} directly
Flavors: r-devel-linux-x86_64-debian-clang, r-devel-linux-x86_64-debian-gcc, r-devel-linux-x86_64-fedora-clang, r-devel-linux-x86_64-fedora-gcc, r-devel-macos-arm64, r-devel-macos-x86_64, r-devel-windows-x86_64, r-patched-linux-x86_64, r-release-linux-x86_64, r-release-macos-arm64, r-release-macos-x86_64, r-release-windows-x86_64
Version: 0.2.7
Check: installed package size
Result: NOTE
installed size is 7.0Mb
sub-directories of 1Mb or more:
libs 6.6Mb
Flavors: r-release-macos-arm64, r-release-macos-x86_64, r-oldrel-macos-arm64, r-oldrel-macos-x86_64