CRAN Package Check Results for Package RcppClassicExamples

Last updated on 2025-11-03 23:50:29 CET.

Flavor Version Tinstall Tcheck Ttotal Status Flags
r-devel-linux-x86_64-debian-clang 0.1.3 23.35 24.92 48.27 NOTE
r-devel-linux-x86_64-debian-gcc 0.1.3 15.78 19.92 35.70 NOTE
r-devel-linux-x86_64-fedora-clang 0.1.3 48.00 41.26 89.26 OK
r-devel-linux-x86_64-fedora-gcc 0.1.3 42.00 35.33 77.33 OK
r-devel-windows-x86_64 0.1.3 34.00 73.00 107.00 OK
r-patched-linux-x86_64 0.1.3 25.96 24.01 49.97 OK
r-release-linux-x86_64 0.1.3 24.59 23.74 48.33 OK
r-release-macos-arm64 0.1.3 11.00 20.00 31.00 OK
r-release-macos-x86_64 0.1.3 12.00 34.00 46.00 OK
r-release-windows-x86_64 0.1.3 35.00 76.00 111.00 OK
r-oldrel-macos-arm64 0.1.3 13.00 17.00 30.00 OK
r-oldrel-macos-x86_64 0.1.3 13.00 24.00 37.00 OK
r-oldrel-windows-x86_64 0.1.3 39.00 102.00 141.00 OK

Check Details

Version: 0.1.3
Check: CRAN incoming feasibility
Result: NOTE Maintainer: ‘Dirk Eddelbuettel <edd@debian.org>’ No Authors@R field in DESCRIPTION. Please add one, modifying Authors@R: c(person(given = "Dirk", family = "Eddelbuettel", role = c("aut", "cre"), email = "edd@debian.org"), person(given = "Romain", family = "Francois", role = "aut"), person(given = c("based", "on", "code", "written", "during"), family = "2005", role = "aut"), person(given = c("2006", "by", "Dominick"), family = "Samperi", role = "aut")) as necessary. Flavors: r-devel-linux-x86_64-debian-clang, r-devel-linux-x86_64-debian-gcc

mirror server hosted at Truenetwork, Russian Federation.