Last updated on 2025-02-21 17:50:52 CET.
Flavor | Version | Tinstall | Tcheck | Ttotal | Status | Flags |
---|---|---|---|---|---|---|
r-devel-linux-x86_64-debian-clang | 0.3.0 | 51.51 | 111.28 | 162.79 | NOTE | |
r-devel-linux-x86_64-debian-gcc | 0.3.0 | 40.47 | 76.89 | 117.36 | NOTE | |
r-devel-linux-x86_64-fedora-clang | 0.3.0 | 288.58 | NOTE | |||
r-devel-linux-x86_64-fedora-gcc | 0.3.0 | 288.49 | NOTE | |||
r-devel-macos-arm64 | 0.3.0 | 75.00 | NOTE | |||
r-devel-macos-x86_64 | 0.3.0 | 144.00 | NOTE | |||
r-devel-windows-x86_64 | 0.3.0 | 58.00 | 169.00 | 227.00 | NOTE | |
r-patched-linux-x86_64 | 0.3.0 | 59.62 | 105.21 | 164.83 | NOTE | |
r-release-linux-x86_64 | 0.3.0 | 55.67 | 104.51 | 160.18 | NOTE | |
r-release-macos-arm64 | 0.3.0 | 71.00 | NOTE | |||
r-release-macos-x86_64 | 0.3.0 | 122.00 | NOTE | |||
r-release-windows-x86_64 | 0.3.0 | 57.00 | 161.00 | 218.00 | NOTE | |
r-oldrel-macos-arm64 | 0.3.0 | 82.00 | NOTE | |||
r-oldrel-macos-x86_64 | 0.3.0 | 136.00 | NOTE | |||
r-oldrel-windows-x86_64 | 0.3.0 | 71.00 | 158.00 | 229.00 | NOTE |
Version: 0.3.0
Check: C++ specification
Result: NOTE
Specified C++11: please drop specification unless essential
Flavors: r-devel-linux-x86_64-debian-clang, r-devel-linux-x86_64-debian-gcc, r-devel-linux-x86_64-fedora-clang, r-devel-linux-x86_64-fedora-gcc, r-devel-macos-arm64, r-devel-macos-x86_64, r-devel-windows-x86_64, r-patched-linux-x86_64, r-release-linux-x86_64, r-release-macos-arm64, r-release-macos-x86_64, r-release-windows-x86_64, r-oldrel-macos-arm64, r-oldrel-macos-x86_64, r-oldrel-windows-x86_64
Version: 0.3.0
Check: package subdirectories
Result: NOTE
Problems with news in ‘NEWS.md’:
No news entries found.
Flavors: r-devel-linux-x86_64-debian-clang, r-devel-linux-x86_64-debian-gcc, r-devel-linux-x86_64-fedora-clang, r-devel-linux-x86_64-fedora-gcc, r-devel-macos-arm64, r-devel-macos-x86_64, r-devel-windows-x86_64, r-patched-linux-x86_64, r-release-linux-x86_64, r-release-macos-arm64, r-release-macos-x86_64, r-release-windows-x86_64, r-oldrel-macos-arm64, r-oldrel-macos-x86_64, r-oldrel-windows-x86_64
Version: 0.3.0
Check: installed package size
Result: NOTE
installed size is 7.7Mb
sub-directories of 1Mb or more:
libs 7.5Mb
Flavors: r-release-macos-arm64, r-release-macos-x86_64, r-oldrel-macos-arm64, r-oldrel-macos-x86_64