CRAN Package Check Results for Package RcppCNPy

Last updated on 2025-07-27 12:48:39 CEST.

Flavor Version Tinstall Tcheck Ttotal Status Flags
r-devel-linux-x86_64-debian-clang 0.2.13 14.89 34.83 49.72 NOTE
r-devel-linux-x86_64-debian-gcc 0.2.13 10.64 28.89 39.53 NOTE
r-devel-linux-x86_64-fedora-clang 0.2.13 79.38 OK
r-devel-linux-x86_64-fedora-gcc 0.2.13 88.71 OK
r-devel-windows-x86_64 0.2.13 18.00 113.00 131.00 OK
r-patched-linux-x86_64 0.2.13 15.81 32.07 47.88 NOTE
r-release-linux-x86_64 0.2.13 14.99 32.01 47.00 NOTE
r-release-macos-arm64 0.2.13 38.00 OK
r-release-macos-x86_64 0.2.13 80.00 OK
r-release-windows-x86_64 0.2.13 17.00 129.00 146.00 OK
r-oldrel-macos-arm64 0.2.13 50.00 OK
r-oldrel-macos-x86_64 0.2.13 83.00 OK
r-oldrel-windows-x86_64 0.2.13 17.00 107.00 124.00 OK

Check Details

Version: 0.2.13
Check: for unstated dependencies in ‘demo’
Result: NOTE 'library' or 'require' call not declared from: ‘rbenchmark’ Flavors: r-devel-linux-x86_64-debian-clang, r-devel-linux-x86_64-debian-gcc, r-patched-linux-x86_64, r-release-linux-x86_64

mirror server hosted at Truenetwork, Russian Federation.