Last updated on 2025-11-04 11:52:40 CET.
| Flavor | Version | Tinstall | Tcheck | Ttotal | Status | Flags | 
|---|---|---|---|---|---|---|
| r-devel-linux-x86_64-debian-clang | 0.3-0 | 17.55 | 137.99 | 155.54 | NOTE | |
| r-devel-linux-x86_64-debian-gcc | 0.3-0 | 12.83 | 105.86 | 118.69 | NOTE | |
| r-devel-linux-x86_64-fedora-clang | 0.3-0 | 44.00 | 204.66 | 248.66 | OK | |
| r-devel-linux-x86_64-fedora-gcc | 0.3-0 | 38.00 | 201.17 | 239.17 | OK | |
| r-devel-windows-x86_64 | 0.3-0 | 30.00 | 219.00 | 249.00 | OK | |
| r-patched-linux-x86_64 | 0.3-0 | 19.93 | 138.17 | 158.10 | OK | |
| r-release-linux-x86_64 | 0.3-0 | 18.83 | 139.27 | 158.10 | OK | |
| r-release-macos-arm64 | 0.3-0 | 12.00 | 79.00 | 91.00 | OK | |
| r-release-macos-x86_64 | 0.3-0 | 18.00 | 124.00 | 142.00 | OK | |
| r-release-windows-x86_64 | 0.3-0 | 25.00 | 217.00 | 242.00 | OK | |
| r-oldrel-macos-arm64 | 0.3-0 | 12.00 | 78.00 | 90.00 | OK | |
| r-oldrel-macos-x86_64 | 0.3-0 | 15.00 | 98.00 | 113.00 | OK | |
| r-oldrel-windows-x86_64 | 0.3-0 | 23.00 | 165.00 | 188.00 | OK | 
Version: 0.3-0
Check: CRAN incoming feasibility
Result: NOTE
  Maintainer: ‘Liviu Andronic <landronimirc@gmail.com>’
  
  No Authors@R field in DESCRIPTION.
  Please add one, modifying
    Authors@R: person(given = "Liviu",
                      family = "Andronic",
                      role = c("aut", "cre"),
                      email = "landronimirc@gmail.com")
  as necessary.
Flavors: r-devel-linux-x86_64-debian-clang, r-devel-linux-x86_64-debian-gcc