Last updated on 2025-05-19 06:49:52 CEST.
Flavor | Version | Tinstall | Tcheck | Ttotal | Status | Flags |
---|---|---|---|---|---|---|
r-devel-linux-x86_64-debian-clang | 1.2-0 | 20.01 | 138.23 | 158.24 | NOTE | |
r-devel-linux-x86_64-debian-gcc | 1.2-0 | 16.38 | 105.44 | 121.82 | NOTE | |
r-devel-linux-x86_64-fedora-clang | 1.2-0 | 271.19 | OK | |||
r-devel-linux-x86_64-fedora-gcc | 1.2-0 | 262.02 | OK | |||
r-devel-windows-x86_64 | 1.2-0 | 42.00 | 312.00 | 354.00 | OK | |
r-patched-linux-x86_64 | 1.2-0 | 18.91 | 130.92 | 149.83 | OK | |
r-release-linux-x86_64 | 1.2-0 | 19.17 | 133.04 | 152.21 | OK | |
r-release-macos-arm64 | 1.2-0 | 96.00 | OK | |||
r-release-macos-x86_64 | 1.2-0 | 145.00 | OK | |||
r-release-windows-x86_64 | 1.2-0 | 34.00 | 238.00 | 272.00 | OK | |
r-oldrel-macos-arm64 | 1.2-0 | 90.00 | OK | |||
r-oldrel-macos-x86_64 | 1.2-0 | 115.00 | OK | |||
r-oldrel-windows-x86_64 | 1.2-0 | 24.00 | 165.00 | 189.00 | OK |
Version: 1.2-0
Check: CRAN incoming feasibility
Result: NOTE
Maintainer: ‘John Fox <jfox@mcmaster.ca>’
No Authors@R field in DESCRIPTION.
Please add one, modifying
Authors@R: person(given = "John",
family = "Fox",
role = c("aut", "cre"),
email = "jfox@mcmaster.ca")
as necessary.
Flavors: r-devel-linux-x86_64-debian-clang, r-devel-linux-x86_64-debian-gcc