Last updated on 2025-11-04 05:51:22 CET.
| Flavor | Version | Tinstall | Tcheck | Ttotal | Status | Flags | 
|---|---|---|---|---|---|---|
| r-devel-linux-x86_64-debian-clang | 1.0-2 | 18.83 | 138.53 | 157.36 | NOTE | |
| r-devel-linux-x86_64-debian-gcc | 1.0-2 | 14.90 | 107.96 | 122.86 | NOTE | |
| r-devel-linux-x86_64-fedora-clang | 1.0-2 | 45.00 | 209.69 | 254.69 | NOTE | |
| r-devel-linux-x86_64-fedora-gcc | 1.0-2 | 40.00 | 200.29 | 240.29 | NOTE | |
| r-devel-windows-x86_64 | 1.0-2 | 34.00 | 243.00 | 277.00 | NOTE | |
| r-patched-linux-x86_64 | 1.0-2 | 20.63 | 136.83 | 157.46 | OK | |
| r-release-linux-x86_64 | 1.0-2 | 20.70 | 139.99 | 160.69 | OK | |
| r-release-macos-arm64 | 1.0-2 | 13.00 | 78.00 | 91.00 | OK | |
| r-release-macos-x86_64 | 1.0-2 | 19.00 | 123.00 | 142.00 | OK | |
| r-release-windows-x86_64 | 1.0-2 | 34.00 | 244.00 | 278.00 | OK | |
| r-oldrel-macos-arm64 | 1.0-2 | 13.00 | 75.00 | 88.00 | OK | |
| r-oldrel-macos-x86_64 | 1.0-2 | 16.00 | 95.00 | 111.00 | OK | |
| r-oldrel-windows-x86_64 | 1.0-2 | 23.00 | 149.00 | 172.00 | OK | 
Version: 1.0-2
Check: CRAN incoming feasibility
Result: NOTE
  Maintainer: ‘Marcelo Goulart Correia <mgoulart.inc@gmail.com>’
  
  No Authors@R field in DESCRIPTION.
  Please add one, modifying
    Authors@R: person(given = c("Marcelo", "Goulart"),
                      family = "Correia",
                      role = c("aut", "cre"),
                      email = "mgoulart.inc@gmail.com")
  as necessary.
Flavors: r-devel-linux-x86_64-debian-clang, r-devel-linux-x86_64-debian-gcc
Version: 1.0-2
Check: Rd files
Result: NOTE
  checkRd: (-1) RcmdrPlugin.RMTCJags-package.Rd:14-20: Only 2 columns allowed in this table (row 6 has 1)
Flavors: r-devel-linux-x86_64-debian-clang, r-devel-linux-x86_64-debian-gcc, r-devel-linux-x86_64-fedora-clang, r-devel-linux-x86_64-fedora-gcc, r-devel-windows-x86_64