Last updated on 2025-11-04 05:51:22 CET.
| Flavor | Version | Tinstall | Tcheck | Ttotal | Status | Flags | 
|---|---|---|---|---|---|---|
| r-devel-linux-x86_64-debian-clang | 1.1.4 | 18.69 | 142.80 | 161.49 | NOTE | |
| r-devel-linux-x86_64-debian-gcc | 1.1.4 | 15.38 | 109.00 | 124.38 | NOTE | |
| r-devel-linux-x86_64-fedora-clang | 1.1.4 | 48.00 | 210.51 | 258.51 | OK | |
| r-devel-linux-x86_64-fedora-gcc | 1.1.4 | 41.00 | 203.74 | 244.74 | OK | |
| r-devel-windows-x86_64 | 1.1.4 | 35.00 | 253.00 | 288.00 | OK | |
| r-patched-linux-x86_64 | 1.1.4 | 20.33 | 143.05 | 163.38 | OK | |
| r-release-linux-x86_64 | 1.1.4 | 21.67 | 142.86 | 164.53 | OK | |
| r-release-macos-arm64 | 1.1.4 | 14.00 | 79.00 | 93.00 | OK | |
| r-release-macos-x86_64 | 1.1.4 | 20.00 | 127.00 | 147.00 | OK | |
| r-release-windows-x86_64 | 1.1.4 | 35.00 | 248.00 | 283.00 | OK | |
| r-oldrel-macos-arm64 | 1.1.4 | 13.00 | 79.00 | 92.00 | NOTE | |
| r-oldrel-macos-x86_64 | 1.1.4 | 16.00 | 101.00 | 117.00 | NOTE | |
| r-oldrel-windows-x86_64 | 1.1.4 | 25.00 | 169.00 | 194.00 | NOTE | 
Version: 1.1.4
Check: CRAN incoming feasibility
Result: NOTE
  Maintainer: ‘Achmad Fauzi Bagus F <fauzi.pandya@gmail.com>’
  
  No Authors@R field in DESCRIPTION.
  Please add one, modifying
    Authors@R: c(person(given = c("Monalisa", "Sipahutar,Setia"),
                        family = "Pramana",
                        role = "aut",
                        email = "11.6790@stis.ac.id"),
                 person(given = "Achmad",
                        family = "Fauzi",
                        role = c("aut", "cre"),
                        email = "fauzi.pandya@gmail.com"))
  as necessary.
Flavors: r-devel-linux-x86_64-debian-clang, r-devel-linux-x86_64-debian-gcc
Version: 1.1.4
Check: LazyData
Result: NOTE
    'LazyData' is specified without a 'data' directory
Flavors: r-oldrel-macos-arm64, r-oldrel-macos-x86_64, r-oldrel-windows-x86_64