Last updated on 2025-11-04 05:51:22 CET.
| Flavor | Version | Tinstall | Tcheck | Ttotal | Status | Flags | 
|---|---|---|---|---|---|---|
| r-devel-linux-x86_64-debian-clang | 1.2.2 | 18.62 | 151.13 | 169.75 | NOTE | |
| r-devel-linux-x86_64-debian-gcc | 1.2.2 | 14.98 | 110.56 | 125.54 | NOTE | |
| r-devel-linux-x86_64-fedora-clang | 1.2.2 | 46.00 | 221.09 | 267.09 | OK | |
| r-devel-linux-x86_64-fedora-gcc | 1.2.2 | 41.00 | 214.72 | 255.72 | OK | |
| r-devel-windows-x86_64 | 1.2.2 | 27.00 | 222.00 | 249.00 | OK | |
| r-patched-linux-x86_64 | 1.2.2 | 19.12 | 141.25 | 160.37 | OK | |
| r-release-linux-x86_64 | 1.2.2 | 16.81 | 138.81 | 155.62 | OK | |
| r-release-macos-arm64 | 1.2.2 | 8.00 | 59.00 | 67.00 | OK | |
| r-release-macos-x86_64 | 1.2.2 | 18.00 | 121.00 | 139.00 | OK | |
| r-release-windows-x86_64 | 1.2.2 | 26.00 | 219.00 | 245.00 | OK | |
| r-oldrel-macos-arm64 | 1.2.2 | 8.00 | 60.00 | 68.00 | OK | |
| r-oldrel-macos-x86_64 | 1.2.2 | 13.00 | 90.00 | 103.00 | OK | |
| r-oldrel-windows-x86_64 | 1.2.2 | 27.00 | 179.00 | 206.00 | OK | 
Version: 1.2.2
Check: CRAN incoming feasibility
Result: NOTE
  Maintainer: ‘Andrew Heiss <andrew@andrewheiss.com>’
  
  No Authors@R field in DESCRIPTION.
  Please add one, modifying
    Authors@R: c(person(given = "Andrew",
                        family = "Heiss",
                        role = c("aut", "cre"),
                        email = "andrew@andrewheiss.com"),
                 person(given = "Richard",
                        family = "Payne",
                        role = "aut"),
                 person(given = "Christa",
                        family = "Schank",
                        role = "aut"),
                 person(given = "Jessica",
                        family = "Reese",
                        role = "aut"))
  as necessary.
Flavors: r-devel-linux-x86_64-debian-clang, r-devel-linux-x86_64-debian-gcc