Last updated on 2025-11-04 11:52:40 CET.
| Flavor | Version | Tinstall | Tcheck | Ttotal | Status | Flags | 
|---|---|---|---|---|---|---|
| r-devel-linux-x86_64-debian-clang | 1.8 | 29.27 | 176.46 | 205.73 | NOTE | |
| r-devel-linux-x86_64-debian-gcc | 1.8 | 20.95 | 128.62 | 149.57 | NOTE | |
| r-devel-linux-x86_64-fedora-clang | 1.8 | 74.00 | 264.22 | 338.22 | OK | |
| r-devel-linux-x86_64-fedora-gcc | 1.8 | 65.00 | 251.47 | 316.47 | OK | |
| r-devel-windows-x86_64 | 1.8 | 45.00 | 268.00 | 313.00 | OK | |
| r-patched-linux-x86_64 | 1.8 | 31.97 | 177.50 | 209.47 | OK | |
| r-release-linux-x86_64 | 1.8 | 32.74 | 178.01 | 210.75 | OK | |
| r-release-macos-arm64 | 1.8 | 18.00 | 90.00 | 108.00 | OK | |
| r-release-macos-x86_64 | 1.8 | 28.00 | 140.00 | 168.00 | OK | |
| r-release-windows-x86_64 | 1.8 | 45.00 | 261.00 | 306.00 | OK | |
| r-oldrel-macos-arm64 | 1.8 | 19.00 | 95.00 | 114.00 | OK | |
| r-oldrel-macos-x86_64 | 1.8 | 23.00 | 112.00 | 135.00 | OK | |
| r-oldrel-windows-x86_64 | 1.8 | 41.00 | 204.00 | 245.00 | OK | 
Version: 1.8
Check: CRAN incoming feasibility
Result: NOTE
  Maintainer: ‘Francois Husson <francois.husson@institut-agro.fr>’
  
  No Authors@R field in DESCRIPTION.
  Please add one, modifying
    Authors@R: c(person(given = "Francois",
                        family = "Husson",
                        role = c("aut", "cre"),
                        email = "francois.husson@institut-agro.fr"),
                 person(given = "Julie",
                        family = "Josse",
                        role = "aut"),
                 person(given = "Sebastien",
                        family = "Le",
                        role = "aut"))
  as necessary.
Flavors: r-devel-linux-x86_64-debian-clang, r-devel-linux-x86_64-debian-gcc