Last updated on 2025-05-22 06:51:55 CEST.
Flavor | Version | Tinstall | Tcheck | Ttotal | Status | Flags |
---|---|---|---|---|---|---|
r-devel-linux-x86_64-debian-clang | 1.0-10 | 21.09 | 167.57 | 188.66 | NOTE | |
r-devel-linux-x86_64-debian-gcc | 1.0-10 | 14.99 | 125.97 | 140.96 | NOTE | |
r-devel-linux-x86_64-fedora-clang | 1.0-10 | 316.15 | OK | |||
r-devel-linux-x86_64-fedora-gcc | 1.0-10 | 295.59 | OK | |||
r-devel-windows-x86_64 | 1.0-10 | 22.00 | 184.00 | 206.00 | OK | |
r-patched-linux-x86_64 | 1.0-10 | 21.11 | 157.85 | 178.96 | OK | |
r-release-linux-x86_64 | 1.0-10 | 19.17 | 157.58 | 176.75 | OK | |
r-release-macos-arm64 | 1.0-10 | 93.00 | OK | |||
r-release-macos-x86_64 | 1.0-10 | 156.00 | OK | |||
r-release-windows-x86_64 | 1.0-10 | 26.00 | 262.00 | 288.00 | OK | |
r-oldrel-macos-arm64 | 1.0-10 | 92.00 | OK | |||
r-oldrel-macos-x86_64 | 1.0-10 | 125.00 | OK | |||
r-oldrel-windows-x86_64 | 1.0-10 | 28.00 | 190.00 | 218.00 | OK |
Version: 1.0-10
Check: CRAN incoming feasibility
Result: NOTE
Maintainer: ‘Daniel-Corneliu Leucuta <danny.ldc@gmail.com>’
No Authors@R field in DESCRIPTION.
Please add one, modifying
Authors@R: person(given = "Daniel-Corneliu",
family = "Leucuta",
role = c("aut", "cre"),
email = "danny.ldc@gmail.com")
as necessary.
Flavors: r-devel-linux-x86_64-debian-clang, r-devel-linux-x86_64-debian-gcc