Last updated on 2025-11-04 11:52:40 CET.
| Flavor | Version | Tinstall | Tcheck | Ttotal | Status | Flags | 
|---|---|---|---|---|---|---|
| r-devel-linux-x86_64-debian-clang | 1.0-10 | 22.10 | 172.54 | 194.64 | NOTE | |
| r-devel-linux-x86_64-debian-gcc | 1.0-10 | 15.88 | 130.45 | 146.33 | NOTE | |
| r-devel-linux-x86_64-fedora-clang | 1.0-10 | 50.00 | 256.78 | 306.78 | OK | |
| r-devel-linux-x86_64-fedora-gcc | 1.0-10 | 47.00 | 249.09 | 296.09 | OK | |
| r-devel-windows-x86_64 | 1.0-10 | 27.00 | 251.00 | 278.00 | OK | |
| r-patched-linux-x86_64 | 1.0-10 | 19.65 | 168.24 | 187.89 | OK | |
| r-release-linux-x86_64 | 1.0-10 | 21.57 | 166.72 | 188.29 | OK | |
| r-release-macos-arm64 | 1.0-10 | 10.00 | 83.00 | 93.00 | OK | |
| r-release-macos-x86_64 | 1.0-10 | 21.00 | 135.00 | 156.00 | OK | |
| r-release-windows-x86_64 | 1.0-10 | 26.00 | 248.00 | 274.00 | OK | |
| r-oldrel-macos-arm64 | 1.0-10 | 9.00 | 83.00 | 92.00 | OK | |
| r-oldrel-macos-x86_64 | 1.0-10 | 15.00 | 110.00 | 125.00 | OK | |
| r-oldrel-windows-x86_64 | 1.0-10 | 29.00 | 194.00 | 223.00 | OK | 
Version: 1.0-10
Check: CRAN incoming feasibility
Result: NOTE
  Maintainer: ‘Daniel-Corneliu Leucuta <danny.ldc@gmail.com>’
  
  No Authors@R field in DESCRIPTION.
  Please add one, modifying
    Authors@R: person(given = "Daniel-Corneliu",
                      family = "Leucuta",
                      role = c("aut", "cre"),
                      email = "danny.ldc@gmail.com")
  as necessary.
Flavors: r-devel-linux-x86_64-debian-clang, r-devel-linux-x86_64-debian-gcc