CRAN Package Check Results for Package RandPro

Last updated on 2025-07-13 18:52:52 CEST.

Flavor Version Tinstall Tcheck Ttotal Status Flags
r-devel-linux-x86_64-debian-clang 0.2.2 14.81 107.56 122.37 NOTE
r-devel-linux-x86_64-debian-gcc 0.2.2 11.07 77.51 88.58 NOTE
r-devel-linux-x86_64-fedora-clang 0.2.2 187.81 OK
r-devel-linux-x86_64-fedora-gcc 0.2.2 176.61 OK
r-devel-windows-x86_64 0.2.2 14.00 103.00 117.00 OK
r-patched-linux-x86_64 0.2.2 12.81 101.30 114.11 OK
r-release-linux-x86_64 0.2.2 11.85 100.23 112.08 OK
r-release-macos-arm64 0.2.2 50.00 OK
r-release-macos-x86_64 0.2.2 98.00 OK
r-release-windows-x86_64 0.2.2 14.00 117.00 131.00 OK
r-oldrel-macos-arm64 0.2.2 51.00 NOTE
r-oldrel-macos-x86_64 0.2.2 71.00 NOTE
r-oldrel-windows-x86_64 0.2.2 19.00 136.00 155.00 NOTE

Check Details

Version: 0.2.2
Check: CRAN incoming feasibility
Result: NOTE Maintainer: ‘Siddharth R <r.siddharthcse@gmail.com>’ No Authors@R field in DESCRIPTION. Please add one, modifying Authors@R: c(person(given = "Aghila", family = "G", role = "aut"), person(given = "Siddharth", family = "R", role = c("aut", "cre"), email = "r.siddharthcse@gmail.com")) as necessary. Flavors: r-devel-linux-x86_64-debian-clang, r-devel-linux-x86_64-debian-gcc

Version: 0.2.2
Check: LazyData
Result: NOTE 'LazyData' is specified without a 'data' directory Flavors: r-oldrel-macos-arm64, r-oldrel-macos-x86_64, r-oldrel-windows-x86_64

mirror server hosted at Truenetwork, Russian Federation.