CRAN Package Check Results for Package RagGrid

Last updated on 2025-11-28 12:48:47 CET.

Flavor Version Tinstall Tcheck Ttotal Status Flags
r-devel-linux-x86_64-debian-clang 0.2.0 2.55 25.39 27.94 OK
r-devel-linux-x86_64-debian-gcc 0.2.0 1.79 20.96 22.75 OK
r-devel-linux-x86_64-fedora-clang 0.2.0 40.25 NOTE
r-devel-linux-x86_64-fedora-gcc 0.2.0 38.46 NOTE
r-devel-windows-x86_64 0.2.0 8.00 42.00 50.00 OK
r-patched-linux-x86_64 0.2.0 2.54 23.48 26.02 OK
r-release-linux-x86_64 0.2.0 2.43 23.24 25.67 OK
r-release-macos-arm64 0.2.0 OK
r-release-macos-x86_64 0.2.0 4.00 38.00 42.00 OK
r-release-windows-x86_64 0.2.0 5.00 73.00 78.00 OK
r-oldrel-macos-arm64 0.2.0 OK
r-oldrel-macos-x86_64 0.2.0 3.00 34.00 37.00 OK
r-oldrel-windows-x86_64 0.2.0 7.00 48.00 55.00 OK

Check Details

Version: 0.2.0
Check: dependencies in R code
Result: NOTE Namespace in Imports field not imported from: ‘knitr’ All declared Imports should be used. Flavors: r-devel-linux-x86_64-fedora-clang, r-devel-linux-x86_64-fedora-gcc

mirror server hosted at Truenetwork, Russian Federation.