CRAN Package Check Results for Package RWDataPlyr

Last updated on 2025-07-10 19:18:04 CEST.

Flavor Version Tinstall Tcheck Ttotal Status Flags
r-devel-linux-x86_64-debian-clang 0.6.4 19.62 92.41 112.03 NOTE
r-devel-linux-x86_64-debian-gcc 0.6.4 13.30 64.54 77.84 NOTE
r-devel-linux-x86_64-fedora-clang 0.6.4 174.75 NOTE
r-devel-linux-x86_64-fedora-gcc 0.6.4 183.58 NOTE
r-devel-windows-x86_64 0.6.4 24.00 121.00 145.00 NOTE
r-patched-linux-x86_64 0.6.4 19.66 87.32 106.98 NOTE
r-release-linux-x86_64 0.6.4 19.65 85.79 105.44 NOTE
r-release-macos-arm64 0.6.4 66.00 NOTE
r-release-macos-x86_64 0.6.4 113.00 NOTE
r-release-windows-x86_64 0.6.4 25.00 129.00 154.00 NOTE
r-oldrel-macos-arm64 0.6.4 60.00 NOTE
r-oldrel-macos-x86_64 0.6.4 132.00 NOTE
r-oldrel-windows-x86_64 0.6.4 26.00 156.00 182.00 NOTE

Check Details

Version: 0.6.4
Check: C++ specification
Result: NOTE Specified C++11: please drop specification unless essential Flavors: r-devel-linux-x86_64-debian-clang, r-devel-linux-x86_64-debian-gcc, r-devel-linux-x86_64-fedora-clang, r-devel-linux-x86_64-fedora-gcc, r-devel-windows-x86_64, r-patched-linux-x86_64, r-release-linux-x86_64, r-release-macos-arm64, r-release-macos-x86_64, r-release-windows-x86_64, r-oldrel-macos-arm64, r-oldrel-macos-x86_64, r-oldrel-windows-x86_64

mirror server hosted at Truenetwork, Russian Federation.